CRAN Package Check Results for Package pliman

Last updated on 2023-10-01 07:52:41 CEST.

Flavor Version Tinstall Tcheck Ttotal Status Flags
r-devel-linux-x86_64-debian-clang 2.0.1 102.92 414.22 517.14 OK
r-devel-linux-x86_64-debian-gcc 2.0.1 73.03 307.15 380.18 OK
r-devel-linux-x86_64-fedora-clang 2.0.1 632.99 OK
r-devel-linux-x86_64-fedora-gcc 2.0.1 629.05 OK
r-devel-windows-x86_64 2.0.1 78.00 331.00 409.00 OK
r-patched-linux-x86_64 2.0.1 94.95 398.05 493.00 OK
r-release-linux-x86_64 2.0.1 88.49 409.19 497.68 OK
r-release-macos-arm64 2.0.1 177.00 NOTE
r-release-macos-x86_64 2.0.1 373.00 NOTE
r-release-windows-x86_64 2.0.1 104.00 429.00 533.00 OK
r-oldrel-macos-arm64 2.0.1 158.00 NOTE
r-oldrel-macos-x86_64 2.0.1 200.00 NOTE
r-oldrel-windows-x86_64 2.0.1 102.00 393.00 495.00 OK

Check Details

Version: 2.0.1
Check: installed package size
Result: NOTE
     installed size is 5.3Mb
     sub-directories of 1Mb or more:
     libs 3.0Mb
     tmp_images 1.2Mb
Flavors: r-release-macos-arm64, r-release-macos-x86_64, r-oldrel-macos-arm64, r-oldrel-macos-x86_64