CRAN Package Check Results for Package plot.matrix

Last updated on 2019-03-23 11:51:17 CET.

Flavor Version Tinstall Tcheck Ttotal Status Flags
r-devel-linux-x86_64-debian-clang 1.0 1.40 16.14 17.54 OK
r-devel-linux-x86_64-debian-gcc 1.0 1.23 13.30 14.53 OK
r-devel-linux-x86_64-fedora-clang 1.0 22.09 OK
r-devel-linux-x86_64-fedora-gcc 1.0 21.49 OK
r-devel-windows-ix86+x86_64 1.0 6.00 26.00 32.00 OK
r-patched-linux-x86_64 1.0 0.85 15.65 16.50 OK
r-patched-solaris-x86 1.0 30.10 OK
r-release-linux-x86_64 1.0 0.26 1.67 1.93 ERROR
r-release-windows-ix86+x86_64 1.0 2.00 25.00 27.00 OK
r-release-osx-x86_64 1.0 OK
r-oldrel-windows-ix86+x86_64 1.0 3.00 27.00 30.00 OK
r-oldrel-osx-x86_64 1.0 OK

Check Details

Version: 1.0
Check: whether package can be installed
Result: ERROR
    Installation failed.
Flavor: r-release-linux-x86_64