CRAN Package Check Results for Package plot3Drgl

Last updated on 2021-09-20 07:50:52 CEST.

Flavor Version Tinstall Tcheck Ttotal Status Flags
r-devel-linux-x86_64-debian-clang 1.0.2 5.76 62.27 68.03 OK
r-devel-linux-x86_64-debian-gcc 1.0.2 4.41 49.85 54.26 OK
r-devel-linux-x86_64-fedora-clang 1.0.2 92.71 OK
r-devel-linux-x86_64-fedora-gcc 1.0.2 84.10 OK
r-devel-windows-x86_64 1.0.2 6.00 71.00 77.00 OK
r-devel-windows-x86_64-gcc10-UCRT 1.0.2 ERROR
r-patched-linux-x86_64 1.0.2 11.18 61.26 72.44 OK
r-patched-solaris-x86 1.0.2 108.20 OK
r-release-linux-x86_64 1.0.2 5.98 61.10 67.08 OK
r-release-macos-arm64 1.0.2 OK
r-release-macos-x86_64 1.0.2 OK
r-release-windows-ix86+x86_64 1.0.2 12.00 70.00 82.00 OK
r-oldrel-macos-x86_64 1.0.2 OK
r-oldrel-windows-ix86+x86_64 1.0.2 11.00 73.00 84.00 OK

Additional issues

M1mac

Check Details

Version: 1.0.2
Check: whether package can be installed
Result: WARN
    Found the following significant warnings:
     WARNING: installation-time patches will not be applied, could not get the patches index
Flavor: r-devel-windows-x86_64-gcc10-UCRT

Version: 1.0.2
Check: PDF version of manual
Result: WARN
    LaTeX errors when creating PDF version.
    This typically indicates Rd problems.
Flavor: r-devel-windows-x86_64-gcc10-UCRT

Version: 1.0.2
Check: PDF version of manual without hyperrefs or index
Result: ERROR
    Re-running with no redirection of stdout/stderr.
Flavor: r-devel-windows-x86_64-gcc10-UCRT