CRAN Package Check Results for Package plotBart

Last updated on 2022-10-05 21:53:42 CEST.

Flavor Version Tinstall Tcheck Ttotal Status Flags
r-devel-linux-x86_64-debian-clang 0.1.7 7.22 343.31 350.53 OK
r-devel-linux-x86_64-debian-gcc 0.1.7 6.21 249.07 255.28 OK
r-devel-linux-x86_64-fedora-clang 0.1.7 426.71 OK
r-devel-linux-x86_64-fedora-gcc 0.1.7 419.10 OK
r-devel-windows-x86_64 0.1.7 32.00 314.00 346.00 OK
r-patched-linux-x86_64 0.1.7 6.20 317.17 323.37 OK
r-release-linux-x86_64 0.1.7 7.19 315.59 322.78 OK
r-release-macos-arm64 0.1.7 6.00 ERROR
r-release-macos-x86_64 0.1.7 128.00 OK
r-release-windows-x86_64 0.1.7 39.00 308.00 347.00 OK
r-oldrel-macos-arm64 0.1.7 102.00 OK
r-oldrel-macos-x86_64 0.1.7 124.00 OK
r-oldrel-windows-ix86+x86_64 0.1.7 18.00 334.00 352.00 OK

Check Details

Version: 0.1.7
Check: whether package can be installed
Result: ERROR
    Installation failed.
Flavor: r-release-macos-arm64