CRAN Package Check Results for Package plotKML

Last updated on 2021-05-06 17:47:54 CEST.

Flavor Version Tinstall Tcheck Ttotal Status Flags
r-devel-linux-x86_64-debian-clang 0.8-1 26.41 253.71 280.12 OK
r-devel-linux-x86_64-debian-gcc 0.8-1 22.12 188.18 210.30 OK
r-devel-linux-x86_64-fedora-clang 0.8-1 360.47 NOTE
r-devel-linux-x86_64-fedora-gcc 0.8-1 359.15 OK
r-devel-windows-ix86+x86_64 0.8-1 55.00 303.00 358.00 OK
r-devel-windows-x86_64-gcc10-UCRT 0.8-1 NOTE
r-patched-linux-x86_64 0.8-1 26.80 238.67 265.47 OK
r-patched-solaris-x86 0.8-1 474.80 OK
r-release-linux-x86_64 0.8-1 23.57 233.54 257.11 OK
r-release-macos-x86_64 0.8-1 OK
r-release-windows-ix86+x86_64 0.8-1 55.00 228.00 283.00 OK
r-oldrel-macos-x86_64 0.8-1 OK
r-oldrel-windows-ix86+x86_64 0.8-1 50.00 286.00 336.00 OK

Check Details

Version: 0.8-1
Check: package dependencies
Result: NOTE
    Imports includes 22 non-default packages.
    Importing from so many packages makes the package vulnerable to any of
    them becoming unavailable. Move as many as possible to Suggests and
    use conditionally.
Flavor: r-devel-linux-x86_64-fedora-clang

Version: 0.8-1
Check: package dependencies
Result: NOTE
    Package suggested but not available for checking: 'animation'
Flavor: r-devel-windows-x86_64-gcc10-UCRT