CRAN Package Check Results for Package plotbb

Last updated on 2021-10-26 16:49:43 CEST.

Flavor Version Tinstall Tcheck Ttotal Status Flags
r-devel-linux-x86_64-debian-clang 0.0.6 2.75 41.06 43.81 OK
r-devel-linux-x86_64-debian-gcc 0.0.6 2.52 32.33 34.85 OK
r-devel-linux-x86_64-fedora-clang 0.0.6 63.20 OK
r-devel-linux-x86_64-fedora-gcc 0.0.6 52.94 OK
r-devel-windows-x86_64 0.0.6 5.00 69.00 74.00 OK
r-devel-windows-x86_64-gcc10-UCRT 0.0.6 OK
r-patched-linux-x86_64 0.0.6 3.08 39.13 42.21 OK
r-patched-solaris-x86 0.0.6 66.00 OK
r-release-linux-x86_64 0.0.6 2.93 38.89 41.82 OK
r-release-macos-arm64 0.0.6 OK
r-release-macos-x86_64 0.0.6 WARN
r-release-windows-ix86+x86_64 0.0.6 5.00 67.00 72.00 OK
r-oldrel-macos-x86_64 0.0.6 WARN
r-oldrel-windows-ix86+x86_64 0.0.6 8.00 66.00 74.00 OK

Check Details

Version: 0.0.6
Check: re-building of vignette outputs
Result: WARN
    Error(s) in re-building vignettes:
     ...
    --- re-building ‘plotbb.Rmd’ using rmarkdown
    Pandoc is required to build R Markdown vignettes but not available. Please make sure it is installed.
    
    Attaching package: 'dplyr'
    
    The following objects are masked from 'package:stats':
    
     filter, lag
    
    The following objects are masked from 'package:base':
    
     intersect, setdiff, setequal, union
    
    Quitting from lines 49-57 (plotbb.Rmd)
    Error: processing vignette 'plotbb.Rmd' failed with diagnostics:
    non-numeric argument to binary operator
    --- failed re-building ‘plotbb.Rmd’
    
    SUMMARY: processing the following file failed:
     ‘plotbb.Rmd’
    
    Error: Vignette re-building failed.
    Execution halted
Flavors: r-release-macos-x86_64, r-oldrel-macos-x86_64