CRAN Package Check Results for Package plothelper

Last updated on 2024-05-27 08:49:32 CEST.

Flavor Version Tinstall Tcheck Ttotal Status Flags
r-devel-linux-x86_64-debian-clang 0.1.9 9.82 77.11 86.93 NOTE
r-devel-linux-x86_64-debian-gcc 0.1.9 7.07 56.07 63.14 NOTE
r-devel-linux-x86_64-fedora-clang 0.1.9 108.47 NOTE
r-devel-linux-x86_64-fedora-gcc 0.1.9 99.23 NOTE
r-devel-windows-x86_64 0.1.9 11.00 79.00 90.00 NOTE
r-patched-linux-x86_64 0.1.9 9.20 72.91 82.11 NOTE
r-release-linux-x86_64 0.1.9 10.15 73.22 83.37 NOTE
r-release-macos-arm64 0.1.9 33.00 NOTE
r-release-windows-x86_64 0.1.9 10.00 80.00 90.00 NOTE
r-oldrel-macos-arm64 0.1.9 34.00 NOTE
r-oldrel-macos-x86_64 0.1.9 52.00 NOTE
r-oldrel-windows-x86_64 0.1.9 12.00 89.00 101.00 NOTE

Check Details

Version: 0.1.9
Check: LazyData
Result: NOTE 'LazyData' is specified without a 'data' directory Flavors: r-devel-linux-x86_64-debian-clang, r-devel-linux-x86_64-debian-gcc, r-devel-linux-x86_64-fedora-clang, r-devel-linux-x86_64-fedora-gcc, r-devel-windows-x86_64, r-patched-linux-x86_64, r-release-linux-x86_64, r-release-macos-arm64, r-release-windows-x86_64, r-oldrel-macos-arm64, r-oldrel-macos-x86_64, r-oldrel-windows-x86_64