CRAN Package Check Results for Package plotly

Last updated on 2020-07-09 07:49:39 CEST.

Flavor Version Tinstall Tcheck Ttotal Status Flags
r-devel-linux-x86_64-debian-clang 4.9.2.1 16.74 294.02 310.76 OK
r-devel-linux-x86_64-debian-gcc 4.9.2.1 13.67 259.29 272.96 OK
r-devel-linux-x86_64-fedora-clang 4.9.2.1 327.63 NOTE
r-devel-linux-x86_64-fedora-gcc 4.9.2.1 328.58 OK
r-devel-windows-ix86+x86_64 4.9.2.1 30.00 248.00 278.00 NOTE
r-patched-linux-x86_64 4.9.2.1 19.60 263.92 283.52 OK
r-patched-solaris-x86 4.9.2.1 377.00 NOTE
r-release-linux-x86_64 4.9.2.1 17.62 276.14 293.76 OK
r-release-osx-x86_64 4.9.2.1 NOTE
r-release-windows-ix86+x86_64 4.9.2.1 34.00 231.00 265.00 NOTE
r-oldrel-osx-x86_64 4.9.2.1 NOTE
r-oldrel-windows-ix86+x86_64 4.9.2.1 40.00 327.00 367.00 NOTE

Check Details

Version: 4.9.2.1
Check: installed package size
Result: NOTE
     installed size is 6.8Mb
     sub-directories of 1Mb or more:
     htmlwidgets 3.7Mb
Flavors: r-devel-linux-x86_64-fedora-clang, r-devel-windows-ix86+x86_64, r-patched-solaris-x86, r-release-osx-x86_64, r-release-windows-ix86+x86_64, r-oldrel-osx-x86_64, r-oldrel-windows-ix86+x86_64