CRAN Package Check Results for Package plotly

Last updated on 2021-11-30 12:53:41 CET.

Flavor Version Tinstall Tcheck Ttotal Status Flags
r-devel-linux-x86_64-debian-clang 4.10.0 16.60 250.25 266.85 OK
r-devel-linux-x86_64-debian-gcc 4.10.0 13.72 180.22 193.94 OK
r-devel-linux-x86_64-fedora-clang 4.10.0 309.11 NOTE
r-devel-linux-x86_64-fedora-gcc 4.10.0 298.15 OK
r-devel-windows-x86_64-new-UL 4.10.0 67.00 324.00 391.00 NOTE
r-devel-windows-x86_64-new-TK 4.10.0 OK
r-devel-windows-x86_64-old 4.10.0 27.00 219.00 246.00 NOTE
r-patched-linux-x86_64 4.10.0 12.05 222.82 234.87 OK
r-patched-solaris-x86 4.10.0 387.10 NOTE
r-release-linux-x86_64 4.10.0 17.86 228.40 246.26 OK
r-release-macos-arm64 4.10.0 NOTE
r-release-macos-x86_64 4.10.0 NOTE
r-release-windows-ix86+x86_64 4.10.0 32.00 209.00 241.00 NOTE
r-oldrel-macos-x86_64 4.10.0 NOTE
r-oldrel-windows-ix86+x86_64 4.10.0 21.00 217.00 238.00 NOTE

Check Details

Version: 4.10.0
Check: installed package size
Result: NOTE
     installed size is 7.1Mb
     sub-directories of 1Mb or more:
     htmlwidgets 4.0Mb
Flavors: r-devel-linux-x86_64-fedora-clang, r-devel-windows-x86_64-new-UL, r-devel-windows-x86_64-old, r-patched-solaris-x86, r-release-macos-arm64, r-release-macos-x86_64, r-release-windows-ix86+x86_64, r-oldrel-macos-x86_64, r-oldrel-windows-ix86+x86_64