Last updated on 2021-04-13 05:49:29 CEST.
Flavor | Version | Tinstall | Tcheck | Ttotal | Status | Flags |
---|---|---|---|---|---|---|
r-devel-linux-x86_64-debian-clang | 4.9.3 | 19.10 | 242.22 | 261.32 | OK | |
r-devel-linux-x86_64-debian-gcc | 4.9.3 | 12.19 | 171.26 | 183.45 | OK | |
r-devel-linux-x86_64-fedora-clang | 4.9.3 | 296.28 | NOTE | |||
r-devel-linux-x86_64-fedora-gcc | 4.9.3 | 284.52 | OK | |||
r-devel-windows-ix86+x86_64 | 4.9.3 | 31.00 | 227.00 | 258.00 | NOTE | |
r-devel-windows-x86_64-gcc10-UCRT | 4.9.3 | OK | ||||
r-patched-linux-x86_64 | 4.9.3 | 15.26 | 220.47 | 235.73 | OK | |
r-patched-solaris-x86 | 4.9.3 | 380.80 | NOTE | |||
r-release-linux-x86_64 | 4.9.3 | 15.83 | 223.58 | 239.41 | OK | |
r-release-macos-x86_64 | 4.9.3 | NOTE | ||||
r-release-windows-ix86+x86_64 | 4.9.3 | 32.00 | 272.00 | 304.00 | NOTE | |
r-oldrel-macos-x86_64 | 4.9.3 | NOTE | ||||
r-oldrel-windows-ix86+x86_64 | 4.9.3 | 20.00 | 195.00 | 215.00 | NOTE |
Version: 4.9.3
Check: installed package size
Result: NOTE
installed size is 7.0Mb
sub-directories of 1Mb or more:
htmlwidgets 3.8Mb
Flavors: r-devel-linux-x86_64-fedora-clang, r-devel-windows-ix86+x86_64, r-patched-solaris-x86, r-release-macos-x86_64, r-release-windows-ix86+x86_64, r-oldrel-macos-x86_64, r-oldrel-windows-ix86+x86_64