CRAN Package Check Results for Package plotly

Last updated on 2020-10-25 17:50:37 CET.

Flavor Version Tinstall Tcheck Ttotal Status Flags
r-devel-linux-x86_64-debian-clang 4.9.2.1 16.35 245.74 262.09 OK
r-devel-linux-x86_64-debian-gcc 4.9.2.1 12.19 177.12 189.31 OK
r-devel-linux-x86_64-fedora-clang 4.9.2.1 297.32 NOTE
r-devel-linux-x86_64-fedora-gcc 4.9.2.1 294.77 OK
r-devel-windows-ix86+x86_64 4.9.2.1 29.00 260.00 289.00 NOTE
r-patched-linux-x86_64 4.9.2.1 16.83 225.40 242.23 OK
r-patched-solaris-x86 4.9.2.1 367.50 NOTE
r-release-linux-x86_64 4.9.2.1 18.01 221.31 239.32 OK
r-release-macos-x86_64 4.9.2.1 NOTE
r-release-windows-ix86+x86_64 4.9.2.1 22.00 195.00 217.00 NOTE
r-oldrel-macos-x86_64 4.9.2.1 NOTE
r-oldrel-windows-ix86+x86_64 4.9.2.1 26.00 268.00 294.00 NOTE

Check Details

Version: 4.9.2.1
Check: installed package size
Result: NOTE
     installed size is 6.8Mb
     sub-directories of 1Mb or more:
     htmlwidgets 3.7Mb
Flavors: r-devel-linux-x86_64-fedora-clang, r-devel-windows-ix86+x86_64, r-patched-solaris-x86, r-release-macos-x86_64, r-release-windows-ix86+x86_64, r-oldrel-macos-x86_64, r-oldrel-windows-ix86+x86_64