CRAN Package Check Results for Package plotmm

Last updated on 2022-10-04 17:52:49 CEST.

Flavor Version Tinstall Tcheck Ttotal Status Flags
r-devel-linux-x86_64-debian-clang 0.1.0 3.01 61.44 64.45 NOTE
r-devel-linux-x86_64-debian-gcc 0.1.0 2.23 43.99 46.22 NOTE
r-devel-linux-x86_64-fedora-clang 0.1.0 86.88 NOTE
r-devel-linux-x86_64-fedora-gcc 0.1.0 83.83 NOTE
r-devel-windows-x86_64 0.1.0 6.00 88.00 94.00 NOTE
r-patched-linux-x86_64 0.1.0 3.14 56.14 59.28 NOTE
r-release-linux-x86_64 0.1.0 2.14 57.43 59.57 NOTE
r-release-macos-arm64 0.1.0 25.00 NOTE
r-release-macos-x86_64 0.1.0 46.00 NOTE
r-release-windows-x86_64 0.1.0 7.00 90.00 97.00 NOTE
r-oldrel-macos-arm64 0.1.0 31.00 NOTE
r-oldrel-macos-x86_64 0.1.0 47.00 NOTE
r-oldrel-windows-ix86+x86_64 0.1.0 7.00 87.00 94.00 NOTE

Check Details

Version: 0.1.0
Check: LazyData
Result: NOTE
     'LazyData' is specified without a 'data' directory
Flavors: r-devel-linux-x86_64-debian-clang, r-devel-linux-x86_64-debian-gcc, r-devel-linux-x86_64-fedora-clang, r-devel-linux-x86_64-fedora-gcc, r-devel-windows-x86_64, r-patched-linux-x86_64, r-release-linux-x86_64, r-release-macos-arm64, r-release-macos-x86_64, r-release-windows-x86_64, r-oldrel-macos-arm64, r-oldrel-macos-x86_64, r-oldrel-windows-ix86+x86_64

Version: 0.1.0
Check: dependencies in R code
Result: NOTE
    Namespaces in Imports field not imported from:
     ‘dplyr’ ‘patchwork’
     All declared Imports should be used.
Flavors: r-devel-linux-x86_64-fedora-clang, r-devel-linux-x86_64-fedora-gcc, r-release-macos-arm64, r-release-macos-x86_64, r-oldrel-macos-arm64, r-oldrel-macos-x86_64