CRAN Package Check Results for Package plotmo

Last updated on 2021-04-16 11:51:23 CEST.

Flavor Version Tinstall Tcheck Ttotal Status Flags
r-devel-linux-x86_64-debian-clang 3.6.0 11.82 82.58 94.40 NOTE
r-devel-linux-x86_64-debian-gcc 3.6.0 10.90 60.98 71.88 NOTE
r-devel-linux-x86_64-fedora-clang 3.6.0 122.41 NOTE
r-devel-linux-x86_64-fedora-gcc 3.6.0 112.20 NOTE
r-devel-windows-ix86+x86_64 3.6.0 21.00 73.00 94.00 NOTE
r-devel-windows-x86_64-gcc10-UCRT 3.6.0 NOTE
r-patched-linux-x86_64 3.6.0 10.86 74.67 85.53 OK
r-patched-solaris-x86 3.6.0 129.00 OK
r-release-linux-x86_64 3.6.0 10.52 74.82 85.34 OK
r-release-macos-x86_64 3.6.0 OK
r-release-windows-ix86+x86_64 3.6.0 17.00 86.00 103.00 OK
r-oldrel-macos-x86_64 3.6.0 OK
r-oldrel-windows-ix86+x86_64 3.6.0 14.00 81.00 95.00 OK

Check Details

Version: 3.6.0
Check: LazyData
Result: NOTE
     'LazyData' is specified without a 'data' directory
Flavors: r-devel-linux-x86_64-debian-clang, r-devel-linux-x86_64-debian-gcc, r-devel-linux-x86_64-fedora-clang, r-devel-linux-x86_64-fedora-gcc, r-devel-windows-ix86+x86_64, r-devel-windows-x86_64-gcc10-UCRT