CRAN Package Check Results for Package plotmo

Last updated on 2020-02-19 03:49:07 CET.

Flavor Version Tinstall Tcheck Ttotal Status Flags
r-devel-linux-x86_64-debian-clang 3.5.6 12.57 74.03 86.60 NOTE
r-devel-linux-x86_64-debian-gcc 3.5.6 10.00 55.76 65.76 OK
r-devel-linux-x86_64-fedora-clang 3.5.6 108.28 OK
r-devel-linux-x86_64-fedora-gcc 3.5.6 105.36 OK
r-devel-windows-ix86+x86_64 3.5.6 19.00 69.00 88.00 OK
r-devel-windows-ix86+x86_64-gcc8 3.5.6 29.00 72.00 101.00 OK
r-patched-linux-x86_64 3.5.6 10.81 67.08 77.89 OK
r-patched-solaris-x86 3.5.6 109.60 OK
r-release-linux-x86_64 3.5.6 10.79 66.02 76.81 OK
r-release-windows-ix86+x86_64 3.5.6 16.00 71.00 87.00 OK
r-release-osx-x86_64 3.5.6 OK
r-oldrel-windows-ix86+x86_64 3.5.6 14.00 70.00 84.00 OK
r-oldrel-osx-x86_64 3.5.6 OK

Check Details

Version: 3.5.6
Check: package dependencies
Result: NOTE
    Package suggested but not available for checking: 'pre'
Flavor: r-devel-linux-x86_64-debian-clang