CRAN Package Check Results for Package plotpc

Last updated on 2021-09-20 20:48:58 CEST.

Flavor Version Tinstall Tcheck Ttotal Status Flags
r-devel-linux-x86_64-debian-clang 1.0.4 2.43 24.78 27.21 OK
r-devel-linux-x86_64-debian-gcc 1.0.4 1.74 19.38 21.12 OK
r-devel-linux-x86_64-fedora-clang 1.0.4 41.44 OK
r-devel-linux-x86_64-fedora-gcc 1.0.4 31.10 OK
r-devel-windows-x86_64 1.0.4 4.00 31.00 35.00 OK
r-devel-windows-x86_64-gcc10-UCRT 1.0.4 ERROR
r-patched-linux-x86_64 1.0.4 2.62 23.86 26.48 OK
r-patched-solaris-x86 1.0.4 48.10 OK
r-release-linux-x86_64 1.0.4 2.26 24.06 26.32 OK
r-release-macos-arm64 1.0.4 OK
r-release-macos-x86_64 1.0.4 OK
r-release-windows-ix86+x86_64 1.0.4 5.00 30.00 35.00 OK
r-oldrel-macos-x86_64 1.0.4 OK
r-oldrel-windows-ix86+x86_64 1.0.4 5.00 28.00 33.00 OK

Check Details

Version: 1.0.4
Check: whether package can be installed
Result: WARN
    Found the following significant warnings:
     WARNING: installation-time patches will not be applied, could not get the patches index
Flavor: r-devel-windows-x86_64-gcc10-UCRT

Version: 1.0.4
Check: PDF version of manual
Result: WARN
    LaTeX errors when creating PDF version.
    This typically indicates Rd problems.
Flavor: r-devel-windows-x86_64-gcc10-UCRT

Version: 1.0.4
Check: PDF version of manual without hyperrefs or index
Result: ERROR
    Re-running with no redirection of stdout/stderr.
Flavor: r-devel-windows-x86_64-gcc10-UCRT