CRAN Package Check Results for Package plotrr

Last updated on 2019-04-23 02:47:22 CEST.

Flavor Version Tinstall Tcheck Ttotal Status Flags
r-devel-linux-x86_64-debian-clang 1.0.0 1.79 39.58 41.37 OK
r-devel-linux-x86_64-debian-gcc 1.0.0 1.34 30.64 31.98 OK
r-devel-linux-x86_64-fedora-clang 1.0.0 47.38 NOTE
r-devel-linux-x86_64-fedora-gcc 1.0.0 45.55 NOTE
r-devel-windows-ix86+x86_64 1.0.0 6.00 48.00 54.00 OK
r-patched-linux-x86_64 1.0.0 1.91 38.36 40.27 OK
r-patched-solaris-x86 1.0.0 68.50 NOTE
r-release-linux-x86_64 1.0.0 1.18 37.75 38.93 OK
r-release-windows-ix86+x86_64 1.0.0 3.00 71.00 74.00 OK
r-release-osx-x86_64 1.0.0 NOTE
r-oldrel-windows-ix86+x86_64 1.0.0 4.00 83.00 87.00 OK
r-oldrel-osx-x86_64 1.0.0 NOTE

Check Details

Version: 1.0.0
Check: dependencies in R code
Result: NOTE
    Namespaces in Imports field not imported from:
     ‘dplyr’ ‘stats’
     All declared Imports should be used.
Flavors: r-devel-linux-x86_64-fedora-clang, r-devel-linux-x86_64-fedora-gcc, r-patched-solaris-x86, r-release-osx-x86_64, r-oldrel-osx-x86_64