Last updated on 2023-06-07 14:00:44 CEST.
Flavor | Version | Tinstall | Tcheck | Ttotal | Status | Flags |
---|---|---|---|---|---|---|
r-devel-linux-x86_64-debian-clang | 1.0.0 | 2.28 | 52.10 | 54.38 | NOTE | |
r-devel-linux-x86_64-debian-gcc | 1.0.0 | 1.86 | 39.65 | 41.51 | NOTE | |
r-devel-linux-x86_64-fedora-clang | 1.0.0 | 67.82 | NOTE | |||
r-devel-linux-x86_64-fedora-gcc | 1.0.0 | 75.16 | NOTE | |||
r-devel-windows-x86_64 | 1.0.0 | 4.00 | 61.00 | 65.00 | NOTE | |
r-patched-linux-x86_64 | 1.0.0 | 2.54 | 49.95 | 52.49 | NOTE | |
r-release-linux-x86_64 | 1.0.0 | 2.30 | 49.24 | 51.54 | NOTE | |
r-release-macos-arm64 | 1.0.0 | 29.00 | NOTE | |||
r-release-macos-x86_64 | 1.0.0 | 46.00 | NOTE | |||
r-release-windows-x86_64 | 1.0.0 | 5.00 | 66.00 | 71.00 | NOTE | |
r-oldrel-macos-arm64 | 1.0.0 | 27.00 | NOTE | |||
r-oldrel-macos-x86_64 | 1.0.0 | 47.00 | NOTE | |||
r-oldrel-windows-x86_64 | 1.0.0 | 4.00 | 71.00 | 75.00 | NOTE |
Version: 1.0.0
Check: LazyData
Result: NOTE
'LazyData' is specified without a 'data' directory
Flavors: r-devel-linux-x86_64-debian-clang, r-devel-linux-x86_64-debian-gcc, r-devel-linux-x86_64-fedora-clang, r-devel-linux-x86_64-fedora-gcc, r-devel-windows-x86_64, r-patched-linux-x86_64, r-release-linux-x86_64, r-release-macos-arm64, r-release-macos-x86_64, r-release-windows-x86_64, r-oldrel-macos-arm64, r-oldrel-macos-x86_64, r-oldrel-windows-x86_64
Version: 1.0.0
Check: dependencies in R code
Result: NOTE
Namespaces in Imports field not imported from:
‘dplyr’ ‘stats’
All declared Imports should be used.
Flavors: r-devel-linux-x86_64-fedora-clang, r-devel-linux-x86_64-fedora-gcc, r-oldrel-macos-arm64, r-oldrel-macos-x86_64