CRAN Package Check Results for Package plotscale

Last updated on 2019-08-23 11:48:44 CEST.

Flavor Version Tinstall Tcheck Ttotal Status Flags
r-devel-linux-x86_64-debian-clang 0.1.6 2.26 45.90 48.16 OK
r-devel-linux-x86_64-debian-gcc 0.1.6 OK
r-devel-linux-x86_64-fedora-clang 0.1.6 56.30 NOTE
r-devel-linux-x86_64-fedora-gcc 0.1.6 55.00 NOTE
r-devel-windows-ix86+x86_64 0.1.6 6.00 52.00 58.00 OK
r-patched-linux-x86_64 0.1.6 1.98 45.06 47.04 OK
r-patched-solaris-x86 0.1.6 78.00 NOTE
r-release-linux-x86_64 0.1.6 1.93 46.40 48.33 OK
r-release-windows-ix86+x86_64 0.1.6 9.00 75.00 84.00 OK
r-release-osx-x86_64 0.1.6 NOTE
r-oldrel-windows-ix86+x86_64 0.1.6 7.00 83.00 90.00 OK
r-oldrel-osx-x86_64 0.1.6 NOTE

Check Details

Version: 0.1.6
Check: dependencies in R code
Result: NOTE
    Namespace in Imports field not imported from: ‘graphics’
     All declared Imports should be used.
Flavors: r-devel-linux-x86_64-fedora-clang, r-devel-linux-x86_64-fedora-gcc, r-patched-solaris-x86, r-release-osx-x86_64, r-oldrel-osx-x86_64