CRAN Package Check Results for Package plotscale

Last updated on 2019-06-19 20:46:50 CEST.

Flavor Version Tinstall Tcheck Ttotal Status Flags
r-devel-linux-x86_64-debian-clang 0.1.6 1.82 45.49 47.31 OK
r-devel-linux-x86_64-debian-gcc 0.1.6 1.60 35.36 36.96 OK
r-devel-linux-x86_64-fedora-clang 0.1.6 54.95 NOTE
r-devel-linux-x86_64-fedora-gcc 0.1.6 53.45 NOTE
r-devel-windows-ix86+x86_64 0.1.6 9.00 86.00 95.00 OK
r-patched-linux-x86_64 0.1.6 1.80 44.92 46.72 OK
r-patched-solaris-x86 0.1.6 79.00 NOTE
r-release-linux-x86_64 0.1.6 1.99 45.31 47.30 OK
r-release-windows-ix86+x86_64 0.1.6 15.00 74.00 89.00 OK
r-release-osx-x86_64 0.1.6 NOTE
r-oldrel-windows-ix86+x86_64 0.1.6 4.00 79.00 83.00 OK
r-oldrel-osx-x86_64 0.1.6 NOTE

Check Details

Version: 0.1.6
Check: dependencies in R code
Result: NOTE
    Namespace in Imports field not imported from: ‘graphics’
     All declared Imports should be used.
Flavors: r-devel-linux-x86_64-fedora-clang, r-devel-linux-x86_64-fedora-gcc, r-patched-solaris-x86, r-release-osx-x86_64, r-oldrel-osx-x86_64