CRAN Package Check Results for Package plotscale

Last updated on 2020-06-01 03:52:02 CEST.

Flavor Version Tinstall Tcheck Ttotal Status Flags
r-devel-linux-x86_64-debian-clang 0.1.6 2.24 42.13 44.37 OK
r-devel-linux-x86_64-debian-gcc 0.1.6 1.85 32.29 34.14 OK
r-devel-linux-x86_64-fedora-clang 0.1.6 60.80 NOTE
r-devel-linux-x86_64-fedora-gcc 0.1.6 52.31 NOTE
r-devel-windows-ix86+x86_64 0.1.6 9.00 69.00 78.00 OK
r-patched-linux-x86_64 0.1.6 2.39 40.70 43.09 OK
r-patched-solaris-x86 0.1.6 72.50 NOTE
r-release-linux-x86_64 0.1.6 2.31 41.65 43.96 OK
r-release-osx-x86_64 0.1.6 NOTE
r-release-windows-ix86+x86_64 0.1.6 7.00 118.00 125.00 OK
r-oldrel-osx-x86_64 0.1.6 NOTE
r-oldrel-windows-ix86+x86_64 0.1.6 8.00 61.00 69.00 OK

Check Details

Version: 0.1.6
Check: dependencies in R code
Result: NOTE
    Namespace in Imports field not imported from: ‘graphics’
     All declared Imports should be used.
Flavors: r-devel-linux-x86_64-fedora-clang, r-devel-linux-x86_64-fedora-gcc, r-patched-solaris-x86, r-release-osx-x86_64, r-oldrel-osx-x86_64