CRAN Package Check Results for Package plpoisson

Last updated on 2021-09-20 06:49:06 CEST.

Flavor Version Tinstall Tcheck Ttotal Status Flags
r-devel-linux-x86_64-debian-clang 0.2.0 2.38 20.89 23.27 OK
r-devel-linux-x86_64-debian-gcc 0.2.0 1.75 16.77 18.52 OK
r-devel-linux-x86_64-fedora-clang 0.2.0 37.61 OK
r-devel-linux-x86_64-fedora-gcc 0.2.0 26.99 OK
r-devel-windows-x86_64 0.2.0 4.00 28.00 32.00 OK
r-devel-windows-x86_64-gcc10-UCRT 0.2.0 ERROR
r-patched-linux-x86_64 0.2.0 2.08 20.32 22.40 OK
r-patched-solaris-x86 0.2.0 42.30 OK
r-release-linux-x86_64 0.2.0 2.18 20.47 22.65 OK
r-release-macos-arm64 0.2.0 OK
r-release-macos-x86_64 0.2.0 OK
r-release-windows-ix86+x86_64 0.2.0 7.00 34.00 41.00 OK
r-oldrel-macos-x86_64 0.2.0 OK
r-oldrel-windows-ix86+x86_64 0.2.0 31.00 41.00 72.00 OK

Check Details

Version: 0.2.0
Check: whether package can be installed
Result: ERROR
    Installation failed.
Flavor: r-devel-windows-x86_64-gcc10-UCRT