Last updated on 2022-08-16 08:54:26 CEST.
Flavor | Version | Tinstall | Tcheck | Ttotal | Status | Flags |
---|---|---|---|---|---|---|
r-devel-linux-x86_64-debian-clang | 2.8-1 | 7.12 | 69.97 | 77.09 | OK | |
r-devel-linux-x86_64-debian-gcc | 2.8-1 | 4.39 | 52.79 | 57.18 | OK | |
r-devel-linux-x86_64-fedora-clang | 2.8-1 | 104.49 | NOTE | |||
r-devel-linux-x86_64-fedora-gcc | 2.8-1 | 99.63 | OK | |||
r-devel-windows-x86_64 | 2.8-1 | 36.00 | 107.00 | 143.00 | OK | |
r-patched-linux-x86_64 | 2.8-1 | 8.46 | 65.38 | 73.84 | OK | |
r-release-linux-x86_64 | 2.8-1 | 4.81 | 65.15 | 69.96 | OK | |
r-release-macos-arm64 | 2.8-1 | 35.00 | NOTE | |||
r-release-macos-x86_64 | 2.8-1 | 50.00 | NOTE | |||
r-release-windows-x86_64 | 2.8-1 | 34.00 | 105.00 | 139.00 | OK | |
r-oldrel-macos-arm64 | 2.8-1 | 34.00 | NOTE | |||
r-oldrel-macos-x86_64 | 2.8-1 | 49.00 | NOTE | |||
r-oldrel-windows-ix86+x86_64 | 2.8-1 | 11.00 | 88.00 | 99.00 | OK |
Version: 2.8-1
Check: Rd cross-references
Result: NOTE
Undeclared package ‘sm’ in Rd xrefs
Flavor: r-devel-linux-x86_64-fedora-clang
Version: 2.8-1
Check: package dependencies
Result: NOTE
Package suggested but not available for checking: ‘Rmpi’
Flavors: r-release-macos-arm64, r-release-macos-x86_64, r-oldrel-macos-arm64, r-oldrel-macos-x86_64