CRAN Package Check Results for Package plsRbeta

Last updated on 2022-10-03 11:50:13 CEST.

Flavor Version Tinstall Tcheck Ttotal Status Flags
r-devel-linux-x86_64-debian-clang 0.2.9 34.95 237.90 272.85 NOTE
r-devel-linux-x86_64-debian-gcc 0.2.9 28.22 172.56 200.78 NOTE
r-devel-linux-x86_64-fedora-clang 0.2.9 347.56 NOTE
r-devel-linux-x86_64-fedora-gcc 0.2.9 324.58 NOTE
r-devel-windows-x86_64 0.2.9 63.00 258.00 321.00 NOTE
r-patched-linux-x86_64 0.2.9 37.48 220.34 257.82 OK
r-release-linux-x86_64 0.2.9 30.19 219.65 249.84 OK
r-release-macos-arm64 0.2.9 58.00 OK
r-release-macos-x86_64 0.2.9 129.00 OK
r-release-windows-x86_64 0.2.9 44.00 263.00 307.00 OK
r-oldrel-macos-arm64 0.2.9 56.00 OK
r-oldrel-macos-x86_64 0.2.9 119.00 OK
r-oldrel-windows-ix86+x86_64 0.2.9 64.00 246.00 310.00 OK

Check Details

Version: 0.2.9
Check: Rd files
Result: NOTE
    checkRd: (-1) PLS_beta_wvc.Rd:5: Escaped LaTeX specials: \_
    checkRd: (-1) plsRbeta.Rd:104: Escaped LaTeX specials: \^
Flavors: r-devel-linux-x86_64-debian-clang, r-devel-linux-x86_64-debian-gcc, r-devel-linux-x86_64-fedora-clang, r-devel-linux-x86_64-fedora-gcc, r-devel-windows-x86_64