CRAN Package Check Results for Package plu

Last updated on 2024-02-29 00:00:40 CET.

Flavor Version Tinstall Tcheck Ttotal Status Flags
r-devel-linux-x86_64-debian-clang 0.3.0 6.54 42.98 49.52 NOTE
r-devel-linux-x86_64-debian-gcc 0.3.0 6.75 33.59 40.34 NOTE
r-devel-linux-x86_64-fedora-clang 0.3.0 63.76 NOTE
r-devel-linux-x86_64-fedora-gcc 0.3.0 60.42 NOTE
r-devel-windows-x86_64 0.3.0 8.00 54.00 62.00 OK
r-patched-linux-x86_64 0.3.0 8.94 42.56 51.50 OK
r-release-linux-x86_64 0.3.0 5.82 41.72 47.54 OK
r-release-macos-arm64 0.3.0 28.00 OK
r-release-macos-x86_64 0.3.0 62.00 OK
r-release-windows-x86_64 0.3.0 10.00 59.00 69.00 OK
r-oldrel-macos-arm64 0.3.0 27.00 OK
r-oldrel-windows-x86_64 0.3.0 10.00 67.00 77.00 OK

Check Details

Version: 0.3.0
Check: Rd files
Result: NOTE checkRd: (-1) plu_more.Rd:16: Lost braces; missing escapes or markup? 16 | Additional arguments are replaced with "{n} more". | ^ Flavors: r-devel-linux-x86_64-debian-clang, r-devel-linux-x86_64-debian-gcc, r-devel-linux-x86_64-fedora-clang, r-devel-linux-x86_64-fedora-gcc