CRAN Package Check Results for Package plugdensity

Last updated on 2021-05-17 17:48:08 CEST.

Flavor Version Tinstall Tcheck Ttotal Status Flags
r-devel-linux-x86_64-debian-clang 0.8-3 2.40 20.61 23.01 NOTE
r-devel-linux-x86_64-debian-gcc 0.8-3 1.84 16.64 18.48 NOTE
r-devel-linux-x86_64-fedora-clang 0.8-3 37.64 NOTE
r-devel-linux-x86_64-fedora-gcc 0.8-3 26.78 NOTE
r-devel-windows-ix86+x86_64 0.8-3 7.00 31.00 38.00 NOTE
r-devel-windows-x86_64-gcc10-UCRT 0.8-3 NOTE
r-patched-linux-x86_64 0.8-3 2.19 20.43 22.62 NOTE
r-patched-solaris-x86 0.8-3 44.20 NOTE
r-release-linux-x86_64 0.8-3 2.03 20.04 22.07 NOTE
r-release-macos-x86_64 0.8-3 NOTE
r-release-windows-ix86+x86_64 0.8-3 5.00 32.00 37.00 NOTE
r-oldrel-macos-x86_64 0.8-3 NOTE
r-oldrel-windows-ix86+x86_64 0.8-3 7.00 48.00 55.00 NOTE

Check Details

Version: 0.8-3
Check: R code for possible problems
Result: NOTE
    print.densityEHpi: no visible global function definition for 'str'
    Undefined global functions or variables:
     str
    Consider adding
     importFrom("utils", "str")
    to your NAMESPACE file.
Flavors: r-devel-linux-x86_64-debian-clang, r-devel-linux-x86_64-debian-gcc, r-devel-linux-x86_64-fedora-clang, r-devel-linux-x86_64-fedora-gcc, r-devel-windows-ix86+x86_64, r-devel-windows-x86_64-gcc10-UCRT, r-patched-linux-x86_64, r-patched-solaris-x86, r-release-linux-x86_64, r-release-macos-x86_64, r-release-windows-ix86+x86_64, r-oldrel-macos-x86_64, r-oldrel-windows-ix86+x86_64

Version: 0.8-3
Check: compiled code
Result: NOTE
    File ‘plugdensity/libs/plugdensity.so’:
     Found no calls to: ‘R_registerRoutines’, ‘R_useDynamicSymbols’
    
    It is good practice to register native routines and to disable symbol
    search.
    
    See ‘Writing portable packages’ in the ‘Writing R Extensions’ manual.
Flavors: r-devel-linux-x86_64-fedora-clang, r-devel-linux-x86_64-fedora-gcc