CRAN Package Check Results for Package plugdensity

Last updated on 2022-01-21 15:19:18 CET.

Flavor Version Tinstall Tcheck Ttotal Status Flags
r-devel-linux-x86_64-debian-clang 0.8-3 2.22 28.69 30.91 NOTE
r-devel-linux-x86_64-debian-gcc 0.8-3 1.58 22.62 24.20 NOTE
r-devel-linux-x86_64-fedora-clang 0.8-3 39.68 NOTE
r-devel-linux-x86_64-fedora-gcc 0.8-3 28.52 NOTE
r-devel-windows-x86_64-new-UL 0.8-3 27.00 47.00 74.00 NOTE
r-devel-windows-x86_64-new-TK 0.8-3 NOTE
r-patched-linux-x86_64 0.8-3 1.75 27.84 29.59 NOTE
r-release-linux-x86_64 0.8-3 1.84 27.57 29.41 NOTE
r-release-macos-arm64 0.8-3 NOTE
r-release-macos-x86_64 0.8-3 NOTE
r-release-windows-ix86+x86_64 0.8-3 7.00 31.00 38.00 NOTE
r-oldrel-macos-x86_64 0.8-3 NOTE
r-oldrel-windows-ix86+x86_64 0.8-3 5.00 32.00 37.00 NOTE

Check Details

Version: 0.8-3
Check: R code for possible problems
Result: NOTE
    print.densityEHpi: no visible global function definition for 'str'
    Undefined global functions or variables:
     str
    Consider adding
     importFrom("utils", "str")
    to your NAMESPACE file.
Flavors: r-devel-linux-x86_64-debian-clang, r-devel-linux-x86_64-debian-gcc, r-devel-linux-x86_64-fedora-clang, r-devel-linux-x86_64-fedora-gcc, r-devel-windows-x86_64-new-UL, r-devel-windows-x86_64-new-TK, r-patched-linux-x86_64, r-release-linux-x86_64, r-release-macos-arm64, r-release-macos-x86_64, r-release-windows-ix86+x86_64, r-oldrel-macos-x86_64, r-oldrel-windows-ix86+x86_64

Version: 0.8-3
Check: compiled code
Result: NOTE
    File ‘plugdensity/libs/plugdensity.so’:
     Found no calls to: ‘R_registerRoutines’, ‘R_useDynamicSymbols’
    
    It is good practice to register native routines and to disable symbol
    search.
    
    See ‘Writing portable packages’ in the ‘Writing R Extensions’ manual.
Flavors: r-devel-linux-x86_64-fedora-clang, r-devel-linux-x86_64-fedora-gcc