CRAN Package Check Results for Package plugdensity

Last updated on 2021-09-20 15:53:02 CEST.

Flavor Version Tinstall Tcheck Ttotal Status Flags
r-devel-linux-x86_64-debian-clang 0.8-3 2.26 21.48 23.74 NOTE
r-devel-linux-x86_64-debian-gcc 0.8-3 1.91 16.79 18.70 NOTE
r-devel-linux-x86_64-fedora-clang 0.8-3 38.23 NOTE
r-devel-linux-x86_64-fedora-gcc 0.8-3 27.63 NOTE
r-devel-windows-x86_64 0.8-3 4.00 26.00 30.00 NOTE
r-devel-windows-x86_64-gcc10-UCRT 0.8-3 ERROR
r-patched-linux-x86_64 0.8-3 2.23 20.85 23.08 NOTE
r-patched-solaris-x86 0.8-3 44.80 NOTE
r-release-linux-x86_64 0.8-3 2.08 20.62 22.70 NOTE
r-release-macos-arm64 0.8-3 NOTE
r-release-macos-x86_64 0.8-3 NOTE
r-release-windows-ix86+x86_64 0.8-3 7.00 31.00 38.00 NOTE
r-oldrel-macos-x86_64 0.8-3 NOTE
r-oldrel-windows-ix86+x86_64 0.8-3 5.00 32.00 37.00 NOTE

Check Details

Version: 0.8-3
Check: R code for possible problems
Result: NOTE
    print.densityEHpi: no visible global function definition for 'str'
    Undefined global functions or variables:
     str
    Consider adding
     importFrom("utils", "str")
    to your NAMESPACE file.
Flavors: r-devel-linux-x86_64-debian-clang, r-devel-linux-x86_64-debian-gcc, r-devel-linux-x86_64-fedora-clang, r-devel-linux-x86_64-fedora-gcc, r-devel-windows-x86_64, r-patched-linux-x86_64, r-patched-solaris-x86, r-release-linux-x86_64, r-release-macos-arm64, r-release-macos-x86_64, r-release-windows-ix86+x86_64, r-oldrel-macos-x86_64, r-oldrel-windows-ix86+x86_64

Version: 0.8-3
Check: compiled code
Result: NOTE
    File ‘plugdensity/libs/plugdensity.so’:
     Found no calls to: ‘R_registerRoutines’, ‘R_useDynamicSymbols’
    
    It is good practice to register native routines and to disable symbol
    search.
    
    See ‘Writing portable packages’ in the ‘Writing R Extensions’ manual.
Flavors: r-devel-linux-x86_64-fedora-clang, r-devel-linux-x86_64-fedora-gcc

Version: 0.8-3
Check: whether package can be installed
Result: ERROR
    Installation failed.
Flavor: r-devel-windows-x86_64-gcc10-UCRT