CRAN Package Check Results for Package plumber

Last updated on 2021-06-22 18:49:27 CEST.

Flavor Version Tinstall Tcheck Ttotal Status Flags
r-devel-linux-x86_64-debian-clang 1.1.0 13.49 84.18 97.67 NOTE
r-devel-linux-x86_64-debian-gcc 1.1.0 12.01 97.72 109.73 NOTE
r-devel-linux-x86_64-fedora-clang 1.1.0 169.08 NOTE
r-devel-linux-x86_64-fedora-gcc 1.1.0 202.55 NOTE
r-devel-windows-x86_64 1.1.0 20.00 98.00 118.00 NOTE
r-devel-windows-x86_64-gcc10-UCRT 1.1.0 ERROR
r-patched-linux-x86_64 1.1.0 14.20 116.63 130.83 NOTE
r-patched-solaris-x86 1.1.0 145.90 ERROR
r-release-linux-x86_64 1.1.0 12.45 116.39 128.84 NOTE
r-release-macos-arm64 1.1.0 NOTE
r-release-macos-x86_64 1.1.0 NOTE
r-release-windows-ix86+x86_64 1.1.0 16.00 87.00 103.00 NOTE
r-oldrel-macos-x86_64 1.1.0 OK

Check Details

Version: 1.1.0
Check: LazyData
Result: NOTE
     'LazyData' is specified without a 'data' directory
Flavors: r-devel-linux-x86_64-debian-clang, r-devel-linux-x86_64-debian-gcc, r-devel-linux-x86_64-fedora-clang, r-devel-linux-x86_64-fedora-gcc, r-devel-windows-x86_64, r-patched-linux-x86_64, r-patched-solaris-x86, r-release-linux-x86_64, r-release-macos-arm64, r-release-macos-x86_64, r-release-windows-ix86+x86_64

Version: 1.1.0
Check: package dependencies
Result: ERROR
    Package required but not available: 'webutils'
    
    See section 'The DESCRIPTION file' in the 'Writing R Extensions'
    manual.
Flavor: r-devel-windows-x86_64-gcc10-UCRT

Version: 1.1.0
Check: tests
Result: ERROR
     Running ‘spelling.R’
     Running ‘testthat.R’ [1m/180m]
    Running the tests in ‘tests/testthat.R’ failed.
    Complete output:
     > library(testthat)
     > library(plumber)
     >
     > test_check("plumber")
    
    
     Execution halted
Flavor: r-patched-solaris-x86