CRAN Package Check Results for Package plumbertableau

Last updated on 2021-10-24 01:51:40 CEST.

Flavor Version Tinstall Tcheck Ttotal Status Flags
r-devel-linux-x86_64-debian-clang 0.1.0 3.69 39.58 43.27 OK
r-devel-linux-x86_64-debian-gcc 0.1.0 3.08 30.99 34.07 OK
r-devel-linux-x86_64-fedora-clang 0.1.0 62.19 NOTE
r-devel-linux-x86_64-fedora-gcc 0.1.0 52.16 NOTE
r-devel-windows-x86_64 0.1.0 7.00 80.00 87.00 OK
r-devel-windows-x86_64-gcc10-UCRT 0.1.0 NOTE
r-patched-linux-x86_64 0.1.0 3.32 39.96 43.28 OK
r-patched-solaris-x86 0.1.0 75.20 ERROR
r-release-linux-x86_64 0.1.0 3.63 40.08 43.71 OK
r-release-macos-arm64 0.1.0 NOTE
r-release-macos-x86_64 0.1.0 NOTE
r-release-windows-ix86+x86_64 0.1.0 7.00 63.00 70.00 OK
r-oldrel-macos-x86_64 0.1.0 NOTE
r-oldrel-windows-ix86+x86_64 0.1.0 9.00 66.00 75.00 OK

Check Details

Version: 0.1.0
Check: dependencies in R code
Result: NOTE
    Namespace in Imports field not imported from: ‘glue’
     All declared Imports should be used.
Flavors: r-devel-linux-x86_64-fedora-clang, r-devel-linux-x86_64-fedora-gcc, r-devel-windows-x86_64-gcc10-UCRT, r-patched-solaris-x86, r-release-macos-arm64, r-release-macos-x86_64, r-oldrel-macos-x86_64

Version: 0.1.0
Check: examples
Result: ERROR
    Running examples in ‘plumbertableau-Ex.R’ failed
    The error most likely occurred in:
    
    > ### Name: tableau_invoke
    > ### Title: Programatically invoke a Tableau extension function
    > ### Aliases: tableau_invoke
    >
    > ### ** Examples
    >
    > pr_path <- system.file("plumber/stringutils/plumber.R",
    + package = "plumbertableau")
    >
    > tableau_invoke(pr_path, "/lowercase", LETTERS[1:5])
    Verbose logging is off. To enable it please set the environment variable `DEBUGME` to include `plumbertableau`.
    
    
    
    
    Execution halted
Flavor: r-patched-solaris-x86

Version: 0.1.0
Check: tests
Result: ERROR
     Running ‘testthat.R’ [0m/180m]
    Running the tests in ‘tests/testthat.R’ failed.
    Complete output:
     > library(testthat)
     > library(plumbertableau)
     >
     > test_check("plumbertableau")
     Verbose logging is off. To enable it please set the environment variable `DEBUGME` to include `plumbertableau`.
    
    
     Verbose logging is off. To enable it please set the environment variable `DEBUGME` to include `plumbertableau`.
    
    
    
    
     Execution halted
Flavor: r-patched-solaris-x86