CRAN Package Check Results for Package plus

Last updated on 2021-12-05 01:49:52 CET.

Flavor Version Tinstall Tcheck Ttotal Status Flags
r-devel-linux-x86_64-debian-clang 1.0 2.99 44.57 47.56 NOTE
r-devel-linux-x86_64-debian-gcc 1.0 2.35 35.22 37.57 NOTE
r-devel-linux-x86_64-fedora-clang 1.0 58.95 NOTE
r-devel-linux-x86_64-fedora-gcc 1.0 48.45 NOTE
r-devel-windows-x86_64-new-UL 1.0 7.00 74.00 81.00 OK
r-devel-windows-x86_64-new-TK 1.0 OK
r-devel-windows-x86_64-old 1.0 5.00 45.00 50.00 OK
r-patched-linux-x86_64 1.0 2.98 35.20 38.18 NOTE
r-release-linux-x86_64 1.0 3.25 35.40 38.65 NOTE
r-release-macos-arm64 1.0 OK
r-release-macos-x86_64 1.0 OK
r-release-windows-ix86+x86_64 1.0 6.00 43.00 49.00 OK
r-oldrel-macos-x86_64 1.0 OK
r-oldrel-windows-ix86+x86_64 1.0 6.00 42.00 48.00 OK

Check Details

Version: 1.0
Check: Rd line widths
Result: NOTE
    Rd file 'predict.plus.Rd':
     \examples lines wider than 100 characters:
     extracted.values <- predict(object, lam = sort(object$lam.path[1:10],decreasing=TRUE), newx=object$x)
    
    These lines will be truncated in the PDF manual.
Flavors: r-devel-linux-x86_64-debian-clang, r-devel-linux-x86_64-debian-gcc, r-devel-linux-x86_64-fedora-clang, r-devel-linux-x86_64-fedora-gcc, r-patched-linux-x86_64, r-release-linux-x86_64