Last updated on 2023-03-20 11:53:56 CET.
Flavor | Version | Tinstall | Tcheck | Ttotal | Status | Flags |
---|---|---|---|---|---|---|
r-devel-linux-x86_64-debian-clang | 0.4-0 | NOTE | ||||
r-devel-linux-x86_64-debian-gcc | 0.4-0 | 4.19 | 33.91 | 38.10 | NOTE | |
r-devel-linux-x86_64-fedora-clang | 0.4-0 | 60.77 | NOTE | |||
r-devel-linux-x86_64-fedora-gcc | 0.4-0 | 56.85 | NOTE | |||
r-patched-linux-x86_64 | 0.4-0 | 5.52 | 43.43 | 48.95 | NOTE | |
r-release-linux-x86_64 | 0.4-0 | 4.18 | 43.13 | 47.31 | NOTE | |
r-release-macos-arm64 | 0.4-0 | 19.00 | NOTE | |||
r-release-macos-x86_64 | 0.4-0 | 31.00 | NOTE | |||
r-release-windows-x86_64 | 0.4-0 | 16.00 | 70.00 | 86.00 | NOTE | |
r-oldrel-macos-arm64 | 0.4-0 | 24.00 | NOTE | |||
r-oldrel-macos-x86_64 | 0.4-0 | 39.00 | NOTE | |||
r-oldrel-windows-ix86+x86_64 | 0.4-0 | 184.00 | 67.00 | 251.00 | NOTE |
Version: 0.4-0
Check: LazyData
Result: NOTE
'LazyData' is specified without a 'data' directory
Flavors: r-devel-linux-x86_64-debian-clang, r-devel-linux-x86_64-debian-gcc, r-devel-linux-x86_64-fedora-clang, r-devel-linux-x86_64-fedora-gcc, r-patched-linux-x86_64, r-release-linux-x86_64, r-release-macos-arm64, r-release-macos-x86_64, r-release-windows-x86_64, r-oldrel-macos-arm64, r-oldrel-macos-x86_64, r-oldrel-windows-ix86+x86_64