CRAN Package Check Results for Package plusser

Last updated on 2022-12-05 16:52:46 CET.

Flavor Version Tinstall Tcheck Ttotal Status Flags
r-devel-linux-x86_64-debian-clang 0.4-0 5.65 43.38 49.03 NOTE
r-devel-linux-x86_64-debian-gcc 0.4-0 3.89 33.68 37.57 NOTE
r-devel-linux-x86_64-fedora-clang 0.4-0 70.46 NOTE
r-devel-linux-x86_64-fedora-gcc 0.4-0 68.29 NOTE
r-devel-windows-x86_64 0.4-0 12.00 70.00 82.00 NOTE
r-patched-linux-x86_64 0.4-0 4.58 43.18 47.76 NOTE
r-release-linux-x86_64 0.4-0 5.16 42.32 47.48 NOTE
r-release-macos-arm64 0.4-0 19.00 NOTE
r-release-macos-x86_64 0.4-0 31.00 NOTE
r-release-windows-x86_64 0.4-0 9.00 71.00 80.00 NOTE
r-oldrel-macos-arm64 0.4-0 24.00 NOTE
r-oldrel-macos-x86_64 0.4-0 39.00 NOTE
r-oldrel-windows-ix86+x86_64 0.4-0 11.00 65.00 76.00 NOTE

Check Details

Version: 0.4-0
Check: LazyData
Result: NOTE
     'LazyData' is specified without a 'data' directory
Flavors: r-devel-linux-x86_64-debian-clang, r-devel-linux-x86_64-debian-gcc, r-devel-linux-x86_64-fedora-clang, r-devel-linux-x86_64-fedora-gcc, r-devel-windows-x86_64, r-patched-linux-x86_64, r-release-linux-x86_64, r-release-macos-arm64, r-release-macos-x86_64, r-release-windows-x86_64, r-oldrel-macos-arm64, r-oldrel-macos-x86_64, r-oldrel-windows-ix86+x86_64