CRAN Package Check Results for Package plusser

Last updated on 2022-08-10 23:55:36 CEST.

Flavor Version Tinstall Tcheck Ttotal Status Flags
r-devel-linux-x86_64-debian-clang 0.4-0 5.12 43.37 48.49 NOTE
r-devel-linux-x86_64-debian-gcc 0.4-0 3.99 33.25 37.24 NOTE
r-devel-linux-x86_64-fedora-clang 0.4-0 75.24 NOTE
r-devel-linux-x86_64-fedora-gcc 0.4-0 66.00 NOTE
r-devel-windows-x86_64 0.4-0 15.00 63.00 78.00 NOTE
r-patched-linux-x86_64 0.4-0 5.22 42.06 47.28 NOTE
r-release-linux-x86_64 0.4-0 NOTE
r-release-macos-arm64 0.4-0 19.00 NOTE
r-release-macos-x86_64 0.4-0 31.00 NOTE
r-release-windows-x86_64 0.4-0 14.00 66.00 80.00 NOTE
r-oldrel-macos-arm64 0.4-0 24.00 NOTE
r-oldrel-macos-x86_64 0.4-0 39.00 NOTE
r-oldrel-windows-ix86+x86_64 0.4-0 10.00 61.00 71.00 NOTE

Check Details

Version: 0.4-0
Check: LazyData
Result: NOTE
     'LazyData' is specified without a 'data' directory
Flavors: r-devel-linux-x86_64-debian-clang, r-devel-linux-x86_64-debian-gcc, r-devel-linux-x86_64-fedora-clang, r-devel-linux-x86_64-fedora-gcc, r-devel-windows-x86_64, r-patched-linux-x86_64, r-release-linux-x86_64, r-release-macos-arm64, r-release-macos-x86_64, r-release-windows-x86_64, r-oldrel-macos-arm64, r-oldrel-macos-x86_64, r-oldrel-windows-ix86+x86_64