CRAN Package Check Results for Package pmc

Last updated on 2019-06-26 09:49:26 CEST.

Flavor Version Tinstall Tcheck Ttotal Status Flags
r-devel-linux-x86_64-debian-clang 1.0.3 4.72 162.36 167.08 OK --no-vignettes
r-devel-linux-x86_64-debian-gcc 1.0.3 4.48 130.53 135.01 OK --no-vignettes
r-devel-linux-x86_64-fedora-clang 1.0.3 1142.71 OK
r-devel-linux-x86_64-fedora-gcc 1.0.3 1112.85 OK
r-devel-windows-ix86+x86_64 1.0.3 20.00 172.00 192.00 OK --no-vignettes
r-patched-linux-x86_64 1.0.3 5.13 164.96 170.09 OK --no-vignettes
r-patched-solaris-x86 1.0.3 1318.80 OK
r-release-linux-x86_64 1.0.3 5.33 162.62 167.95 OK --no-vignettes
r-release-windows-ix86+x86_64 1.0.3 11.00 200.00 211.00 OK --no-vignettes
r-release-osx-x86_64 1.0.3 FAIL
r-oldrel-windows-ix86+x86_64 1.0.3 7.00 157.00 164.00 OK --no-vignettes
r-oldrel-osx-x86_64 1.0.3 OK

Check Details

Version: 1.0.3
Check: re-building of vignette outputs
Result: WARN
    Error(s) in re-building vignettes:
    --- re-building ‘pmc_tutorial.Rmd’ using rmarkdown
    Warning in engine$weave(file, quiet = quiet, encoding = enc) :
     Pandoc (>= 1.12.3) and/or pandoc-citeproc not available. Falling back to R Markdown v1.
    Loading required package: ape
    Loading required package: subplex
    
    Attaching package: 'dplyr'
    
    The following objects are masked from 'package:stats':
    
     filter, lag
    
    The following objects are masked from 'package:base':
    
     intersect, setdiff, setequal, union
    
    
    Attaching package: 'gridExtra'
    
    The following object is masked from 'package:dplyr':
    
     combine
    
    Warning in fitContinuous(phy = att$cache$phy, model = att$model, ..., ncores = 1) :
     Parameter estimates appear at bounds:
     lambda
    Warning in fitContinuous(phy = att$cache$phy, model = att$model, ..., ncores = 1) :
     Parameter estimates appear at bounds:
     lambda
    Warning in fitContinuous(phy = att$cache$phy, model = att$model, ..., ncores = 1) :
     Parameter estimates appear at bounds:
     lambda
    Warning in fitContinuous(phy = att$cache$phy, model = att$model, ..., ncores = 1) :
     Parameter estimates appear at bounds:
     lambda
    
    Execution halted
Flavor: r-release-osx-x86_64

Version: 1.0.3
Check: PDF version of manual
Result: FAIL
    
Flavor: r-release-osx-x86_64