CRAN Package Check Results for Package pmc

Last updated on 2019-09-19 02:47:57 CEST.

Flavor Version Tinstall Tcheck Ttotal Status Flags
r-devel-linux-x86_64-debian-clang 1.0.3 5.24 172.49 177.73 OK --no-vignettes
r-devel-linux-x86_64-debian-gcc 1.0.3 4.48 128.94 133.42 OK --no-vignettes
r-devel-linux-x86_64-fedora-clang 1.0.3 1137.42 OK
r-devel-linux-x86_64-fedora-gcc 1.0.3 1111.39 OK
r-devel-windows-ix86+x86_64 1.0.3 29.00 136.00 165.00 OK --no-vignettes
r-patched-linux-x86_64 1.0.3 5.01 165.85 170.86 OK --no-vignettes
r-patched-solaris-x86 1.0.3 1279.90 OK
r-release-linux-x86_64 1.0.3 4.64 166.45 171.09 OK --no-vignettes
r-release-windows-ix86+x86_64 1.0.3 17.00 220.00 237.00 OK --no-vignettes
r-release-osx-x86_64 1.0.3 FAIL
r-oldrel-windows-ix86+x86_64 1.0.3 6.00 244.00 250.00 OK --no-vignettes
r-oldrel-osx-x86_64 1.0.3 OK

Check Details

Version: 1.0.3
Check: re-building of vignette outputs
Result: WARN
    Error(s) in re-building vignettes:
    --- re-building ‘pmc_tutorial.Rmd’ using rmarkdown
    Warning in engine$weave(file, quiet = quiet, encoding = enc) :
     Pandoc (>= 1.12.3) and/or pandoc-citeproc not available. Falling back to R Markdown v1.
    Loading required package: ape
    Loading required package: subplex
    
    Attaching package: 'dplyr'
    
    The following objects are masked from 'package:stats':
    
     filter, lag
    
    The following objects are masked from 'package:base':
    
     intersect, setdiff, setequal, union
    
    
    Attaching package: 'gridExtra'
    
    The following object is masked from 'package:dplyr':
    
     combine
    
    Warning in fitContinuous(phy = att$cache$phy, model = att$model, ..., ncores = 1) :
     Parameter estimates appear at bounds:
     lambda
    Warning in fitContinuous(phy = att$cache$phy, model = att$model, ..., ncores = 1) :
     Parameter estimates appear at bounds:
     lambda
    Warning in fitContinuous(phy = att$cache$phy, model = att$model, ..., ncores = 1) :
     Parameter estimates appear at bounds:
     lambda
    Warning in fitContinuous(phy = att$cache$phy, model = att$model, ..., ncores = 1) :
     Parameter estimates appear at bounds:
     lambda
    
    Execution halted
Flavor: r-release-osx-x86_64

Version: 1.0.3
Check: PDF version of manual
Result: FAIL
    
Flavor: r-release-osx-x86_64