CRAN Package Check Results for Package pmcgd

Last updated on 2021-06-13 21:48:21 CEST.

Flavor Version Tinstall Tcheck Ttotal Status Flags
r-devel-linux-x86_64-debian-clang 1.1 5.17 38.07 43.24 NOTE
r-devel-linux-x86_64-debian-gcc 1.1 4.29 29.70 33.99 NOTE
r-devel-linux-x86_64-fedora-clang 1.1 61.03 NOTE
r-devel-linux-x86_64-fedora-gcc 1.1 50.36 NOTE
r-devel-windows-x86_64 1.1 7.00 48.00 55.00 NOTE
r-devel-windows-x86_64-gcc10-UCRT 1.1 NOTE
r-patched-linux-x86_64 1.1 5.62 37.11 42.73 NOTE
r-patched-solaris-x86 1.1 72.80 NOTE
r-release-linux-x86_64 1.1 4.37 37.08 41.45 NOTE
r-release-macos-arm64 1.1 NOTE
r-release-macos-x86_64 1.1 NOTE
r-release-windows-ix86+x86_64 1.1 8.00 56.00 64.00 NOTE
r-oldrel-macos-x86_64 1.1 NOTE
r-oldrel-windows-ix86+x86_64 1.1 7.00 58.00 65.00 NOTE

Check Details

Version: 1.1
Check: DESCRIPTION meta-information
Result: NOTE
    Malformed Description field: should contain one or more complete sentences.
Flavors: r-devel-linux-x86_64-debian-clang, r-devel-linux-x86_64-debian-gcc, r-devel-linux-x86_64-fedora-clang, r-devel-linux-x86_64-fedora-gcc, r-devel-windows-x86_64, r-devel-windows-x86_64-gcc10-UCRT, r-patched-linux-x86_64, r-patched-solaris-x86, r-release-linux-x86_64, r-release-macos-arm64, r-release-macos-x86_64, r-release-windows-ix86+x86_64, r-oldrel-macos-x86_64, r-oldrel-windows-ix86+x86_64

Version: 1.1
Check: R code for possible problems
Result: NOTE
    .MCM: no visible global function definition for 'runif'
    .MCM: no visible global function definition for 'rmultinom'
    .MCM: no visible global function definition for 'mahalanobis'
    .MCM: no visible global function definition for 'optimize'
    .MCM : f: no visible global function definition for 'mahalanobis'
    .MCM: no visible global function definition for 'alarm'
    .igpark: no visible global function definition for 'kmeans'
    .loglik: no visible global function definition for 'mahalanobis'
    .plot.gpcm: no visible global function definition for 'lines'
    .plot.gpcm: no visible global function definition for 'legend'
    .rwgpar: no visible global function definition for 'rexp'
    .weights: no visible global function definition for 'mahalanobis'
    Undefined global functions or variables:
     alarm kmeans legend lines mahalanobis optimize rexp rmultinom runif
    Consider adding
     importFrom("graphics", "legend", "lines")
     importFrom("stats", "kmeans", "mahalanobis", "optimize", "rexp",
     "rmultinom", "runif")
     importFrom("utils", "alarm")
    to your NAMESPACE file.
Flavors: r-devel-linux-x86_64-debian-clang, r-devel-linux-x86_64-debian-gcc, r-devel-linux-x86_64-fedora-clang, r-devel-linux-x86_64-fedora-gcc, r-devel-windows-x86_64, r-devel-windows-x86_64-gcc10-UCRT, r-patched-linux-x86_64, r-patched-solaris-x86, r-release-linux-x86_64, r-release-macos-arm64, r-release-macos-x86_64, r-release-windows-ix86+x86_64, r-oldrel-macos-x86_64, r-oldrel-windows-ix86+x86_64