CRAN Package Check Results for Package pmclust

Last updated on 2021-09-28 17:49:55 CEST.

Flavor Version Tinstall Tcheck Ttotal Status Flags
r-devel-linux-x86_64-debian-clang 0.2-1 8.20 68.47 76.67 OK
r-devel-linux-x86_64-debian-gcc 0.2-1 6.05 52.31 58.36 OK
r-devel-linux-x86_64-fedora-clang 0.2-1 102.67 OK
r-devel-linux-x86_64-fedora-gcc 0.2-1 101.57 OK
r-devel-windows-x86_64 0.2-1 10.00 67.00 77.00 OK
r-devel-windows-x86_64-gcc10-UCRT 0.2-1 OK
r-patched-linux-x86_64 0.2-1 7.90 65.38 73.28 OK
r-patched-solaris-x86 0.2-1 115.90 OK
r-release-linux-x86_64 0.2-1 7.18 66.14 73.32 OK
r-release-macos-arm64 0.2-1 ERROR
r-release-macos-x86_64 0.2-1 ERROR
r-release-windows-ix86+x86_64 0.2-1 17.00 79.00 96.00 OK
r-oldrel-macos-x86_64 0.2-1 ERROR
r-oldrel-windows-ix86+x86_64 0.2-1 14.00 81.00 95.00 OK

Check Details

Version: 0.2-1
Check: package dependencies
Result: ERROR
    Package required but not available: ‘pbdMPI’
    
    See section ‘The DESCRIPTION file’ in the ‘Writing R Extensions’
    manual.
Flavors: r-release-macos-arm64, r-release-macos-x86_64, r-oldrel-macos-x86_64