CRAN Package Check Results for Package pmetar

Last updated on 2024-02-26 08:48:53 CET.

Flavor Version Tinstall Tcheck Ttotal Status Flags
r-devel-linux-x86_64-debian-clang 0.5.0 4.11 53.23 57.34 OK
r-devel-linux-x86_64-debian-gcc 0.5.0 2.75 40.52 43.27 OK
r-devel-linux-x86_64-fedora-clang 0.5.0 72.23 OK
r-devel-linux-x86_64-fedora-gcc 0.5.0 80.96 OK
r-devel-windows-x86_64 0.5.0 5.00 66.00 71.00 OK
r-patched-linux-x86_64 0.5.0 3.29 51.76 55.05 OK
r-release-linux-x86_64 0.5.0 3.08 51.71 54.79 OK
r-release-macos-arm64 0.5.0 46.00 OK
r-release-macos-x86_64 0.5.0 62.00 OK
r-release-windows-x86_64 0.5.0 7.00 73.00 80.00 OK
r-oldrel-macos-arm64 0.5.0 35.00 OK
r-oldrel-windows-x86_64 0.5.0 7.00 90.00 97.00 ERROR

Check Details

Version: 0.5.0
Check: re-building of vignette outputs
Result: ERROR Error(s) in re-building vignettes: --- re-building 'pmetar.Rmd' using rmarkdown Quitting from lines 50-51 [get a METAR report with IATA code] (pmetar.Rmd) Error: processing vignette 'pmetar.Rmd' failed with diagnostics: no applicable method for 'status_code' applied to an object of class "character" --- failed re-building 'pmetar.Rmd' SUMMARY: processing the following file failed: 'pmetar.Rmd' Error: Vignette re-building failed. Execution halted Flavor: r-oldrel-windows-x86_64