CRAN Package Check Results for Package pmhtutorial

Last updated on 2022-10-07 12:55:09 CEST.

Flavor Version Tinstall Tcheck Ttotal Status Flags
r-devel-linux-x86_64-debian-clang 1.5 3.08 33.26 36.34 NOTE
r-devel-linux-x86_64-debian-gcc 1.5 2.54 25.59 28.13 NOTE
r-devel-linux-x86_64-fedora-clang 1.5 56.98 NOTE
r-devel-linux-x86_64-fedora-gcc 1.5 51.36 NOTE
r-devel-windows-x86_64 1.5 19.00 60.00 79.00 NOTE
r-patched-linux-x86_64 1.5 3.48 31.45 34.93 NOTE
r-release-linux-x86_64 1.5 2.06 31.97 34.03 NOTE
r-release-macos-arm64 1.5 19.00 NOTE
r-release-macos-x86_64 1.5 28.00 NOTE
r-release-windows-x86_64 1.5 18.00 57.00 75.00 NOTE
r-oldrel-macos-arm64 1.5 23.00 NOTE
r-oldrel-macos-x86_64 1.5 35.00 NOTE
r-oldrel-windows-ix86+x86_64 1.5 8.00 56.00 64.00 NOTE

Check Details

Version: 1.5
Check: LazyData
Result: NOTE
     'LazyData' is specified without a 'data' directory
Flavors: r-devel-linux-x86_64-debian-clang, r-devel-linux-x86_64-debian-gcc, r-devel-linux-x86_64-fedora-clang, r-devel-linux-x86_64-fedora-gcc, r-devel-windows-x86_64, r-patched-linux-x86_64, r-release-linux-x86_64, r-release-macos-arm64, r-release-macos-x86_64, r-release-windows-x86_64, r-oldrel-macos-arm64, r-oldrel-macos-x86_64, r-oldrel-windows-ix86+x86_64