CRAN Package Check Results for Package pmr

Last updated on 2020-03-31 19:49:52 CEST.

Flavor Version Tinstall Tcheck Ttotal Status Flags
r-devel-linux-x86_64-debian-clang 1.2.5 4.65 32.75 37.40 NOTE
r-devel-linux-x86_64-debian-gcc 1.2.5 3.23 26.42 29.65 NOTE
r-devel-linux-x86_64-fedora-clang 1.2.5 44.02 NOTE
r-devel-linux-x86_64-fedora-gcc 1.2.5 44.33 NOTE
r-devel-windows-ix86+x86_64 1.2.5 9.00 66.00 75.00 NOTE
r-devel-windows-ix86+x86_64-gcc8 1.2.5 9.00 43.00 52.00 NOTE
r-patched-linux-x86_64 1.2.5 4.30 32.24 36.54 NOTE
r-patched-solaris-x86 1.2.5 67.80 NOTE
r-release-linux-x86_64 1.2.5 3.73 30.24 33.97 NOTE
r-release-windows-ix86+x86_64 1.2.5 8.00 65.00 73.00 NOTE
r-release-osx-x86_64 1.2.5 NOTE
r-oldrel-windows-ix86+x86_64 1.2.5 5.00 40.00 45.00 NOTE
r-oldrel-osx-x86_64 1.2.5 NOTE

Check Details

Version: 1.2.5
Check: R code for possible problems
Result: NOTE
    dbm: no visible global function definition for 'optim'
    dbm: no visible global function definition for 'new'
    destat: no visible global function definition for 'weighted.mean'
    local.knn: no visible global function definition for 'sd'
    local.knn: no visible global function definition for 'optim'
    mdpref: no visible global function definition for 'sd'
    mdpref: no visible global function definition for 'text'
    mdpref: no visible global function definition for 'lines'
    phicom: no visible global function definition for 'optim'
    phicom: no visible global function definition for 'new'
    pl: no visible global function definition for 'optim'
    pl: no visible global function definition for 'new'
    rol: no visible global function definition for 'nlm'
    rol: no visible global function definition for 'new'
    wdbm: no visible global function definition for 'optim'
    wdbm: no visible global function definition for 'new'
    Undefined global functions or variables:
     lines new nlm optim sd text weighted.mean
    Consider adding
     importFrom("graphics", "lines", "text")
     importFrom("methods", "new")
     importFrom("stats", "nlm", "optim", "sd", "weighted.mean")
    to your NAMESPACE file (and ensure that your DESCRIPTION Imports field
    contains 'methods').
Flavors: r-devel-linux-x86_64-debian-clang, r-devel-linux-x86_64-debian-gcc, r-devel-linux-x86_64-fedora-clang, r-devel-linux-x86_64-fedora-gcc, r-devel-windows-ix86+x86_64, r-devel-windows-ix86+x86_64-gcc8, r-patched-linux-x86_64, r-patched-solaris-x86, r-release-linux-x86_64, r-release-windows-ix86+x86_64, r-release-osx-x86_64, r-oldrel-windows-ix86+x86_64, r-oldrel-osx-x86_64