CRAN Package Check Results for Package pmultinom

Last updated on 2022-08-18 12:54:09 CEST.

Flavor Version Tinstall Tcheck Ttotal Status Flags
r-devel-linux-x86_64-debian-clang 1.0.0 2.02 71.17 73.19 NOTE
r-devel-linux-x86_64-debian-gcc 1.0.0 1.65 53.40 55.05 NOTE
r-devel-linux-x86_64-fedora-clang 1.0.0 95.87 NOTE
r-devel-linux-x86_64-fedora-gcc 1.0.0 96.20 NOTE
r-devel-windows-x86_64 1.0.0 19.00 106.00 125.00 NOTE
r-patched-linux-x86_64 1.0.0 2.35 69.09 71.44 NOTE
r-release-linux-x86_64 1.0.0 1.73 68.48 70.21 NOTE
r-release-macos-arm64 1.0.0 30.00 NOTE
r-release-macos-x86_64 1.0.0 41.00 NOTE
r-release-windows-x86_64 1.0.0 13.00 105.00 118.00 NOTE
r-oldrel-macos-arm64 1.0.0 31.00 NOTE
r-oldrel-macos-x86_64 1.0.0 56.00 NOTE
r-oldrel-windows-ix86+x86_64 1.0.0 5.00 95.00 100.00 NOTE

Check Details

Version: 1.0.0
Check: LazyData
Result: NOTE
     'LazyData' is specified without a 'data' directory
Flavors: r-devel-linux-x86_64-debian-clang, r-devel-linux-x86_64-debian-gcc, r-devel-linux-x86_64-fedora-clang, r-devel-linux-x86_64-fedora-gcc, r-devel-windows-x86_64, r-patched-linux-x86_64, r-release-linux-x86_64, r-release-macos-arm64, r-release-macos-x86_64, r-release-windows-x86_64, r-oldrel-macos-arm64, r-oldrel-macos-x86_64, r-oldrel-windows-ix86+x86_64