CRAN Package Check Results for Package pmultinom

Last updated on 2022-12-04 11:54:34 CET.

Flavor Version Tinstall Tcheck Ttotal Status Flags
r-devel-linux-x86_64-debian-clang 1.0.0 1.87 70.18 72.05 NOTE
r-devel-linux-x86_64-debian-gcc 1.0.0 1.78 53.67 55.45 NOTE
r-devel-linux-x86_64-fedora-clang 1.0.0 99.00 NOTE
r-devel-linux-x86_64-fedora-gcc 1.0.0 98.21 NOTE
r-devel-windows-x86_64 1.0.0 16.00 110.00 126.00 NOTE
r-patched-linux-x86_64 1.0.0 1.96 69.19 71.15 NOTE
r-release-linux-x86_64 1.0.0 1.72 69.62 71.34 NOTE
r-release-macos-arm64 1.0.0 30.00 NOTE
r-release-macos-x86_64 1.0.0 41.00 NOTE
r-release-windows-x86_64 1.0.0 18.00 115.00 133.00 NOTE
r-oldrel-macos-arm64 1.0.0 31.00 NOTE
r-oldrel-macos-x86_64 1.0.0 56.00 NOTE
r-oldrel-windows-ix86+x86_64 1.0.0 6.00 98.00 104.00 NOTE

Check Details

Version: 1.0.0
Check: LazyData
Result: NOTE
     'LazyData' is specified without a 'data' directory
Flavors: r-devel-linux-x86_64-debian-clang, r-devel-linux-x86_64-debian-gcc, r-devel-linux-x86_64-fedora-clang, r-devel-linux-x86_64-fedora-gcc, r-devel-windows-x86_64, r-patched-linux-x86_64, r-release-linux-x86_64, r-release-macos-arm64, r-release-macos-x86_64, r-release-windows-x86_64, r-oldrel-macos-arm64, r-oldrel-macos-x86_64, r-oldrel-windows-ix86+x86_64