CRAN Package Check Results for Package pocketapi

Last updated on 2021-01-21 06:49:53 CET.

Flavor Version Tinstall Tcheck Ttotal Status Flags
r-devel-linux-x86_64-debian-clang 0.1 2.90 38.39 41.29 OK
r-devel-linux-x86_64-debian-gcc 0.1 2.48 29.94 32.42 OK
r-devel-linux-x86_64-fedora-clang 0.1 58.71 NOTE
r-devel-linux-x86_64-fedora-gcc 0.1 60.79 NOTE
r-devel-windows-ix86+x86_64 0.1 6.00 47.00 53.00 OK
r-patched-linux-x86_64 0.1 3.15 37.08 40.23 OK
r-patched-solaris-x86 0.1 73.00 NOTE
r-release-linux-x86_64 0.1 3.20 37.66 40.86 OK
r-release-macos-x86_64 0.1 NOTE
r-release-windows-ix86+x86_64 0.1 26.00 57.00 83.00 OK
r-oldrel-macos-x86_64 0.1 NOTE
r-oldrel-windows-ix86+x86_64 0.1 4.00 41.00 45.00 OK

Check Details

Version: 0.1
Check: dependencies in R code
Result: NOTE
    Namespace in Imports field not imported from: ‘dplyr’
     All declared Imports should be used.
Flavors: r-devel-linux-x86_64-fedora-clang, r-devel-linux-x86_64-fedora-gcc, r-patched-solaris-x86, r-release-macos-x86_64, r-oldrel-macos-x86_64