CRAN Package Check Results for Package poems

Last updated on 2021-10-17 19:48:42 CEST.

Flavor Version Tinstall Tcheck Ttotal Status Flags
r-devel-linux-x86_64-debian-clang 1.0.1 28.02 255.25 283.27 OK
r-devel-linux-x86_64-debian-gcc 1.0.1 19.32 189.94 209.26 OK
r-devel-linux-x86_64-fedora-clang 1.0.1 346.74 NOTE
r-devel-linux-x86_64-fedora-gcc 1.0.1 367.05 NOTE
r-devel-windows-x86_64 1.0.1 40.00 617.00 657.00 OK
r-devel-windows-x86_64-gcc10-UCRT 1.0.1 NOTE
r-patched-linux-x86_64 1.0.1 31.21 259.89 291.10 OK
r-patched-solaris-x86 1.0.1 252.00 NOTE
r-release-linux-x86_64 1.0.1 27.46 254.97 282.43 OK
r-release-macos-arm64 1.0.1 NOTE
r-release-macos-x86_64 1.0.1 NOTE
r-release-windows-ix86+x86_64 1.0.1 32.00 664.00 696.00 OK
r-oldrel-macos-x86_64 1.0.1 NOTE
r-oldrel-windows-ix86+x86_64 1.0.1 42.00 437.00 479.00 OK

Additional issues

M1mac

Check Details

Version: 1.0.1
Check: dependencies in R code
Result: NOTE
    Namespaces in Imports field not imported from:
     ‘abc’ ‘doParallel’ ‘gdistance’ ‘geosphere’ ‘lhs’ ‘metRology’ ‘raster’
     ‘trend’
     All declared Imports should be used.
Flavors: r-devel-linux-x86_64-fedora-clang, r-devel-linux-x86_64-fedora-gcc, r-devel-windows-x86_64-gcc10-UCRT, r-patched-solaris-x86, r-release-macos-arm64, r-release-macos-x86_64, r-oldrel-macos-x86_64