CRAN Package Check Results for Package poilog

Last updated on 2021-10-28 18:51:22 CEST.

Flavor Version Tinstall Tcheck Ttotal Status Flags
r-devel-linux-x86_64-debian-clang 0.4 2.93 30.92 33.85 NOTE
r-devel-linux-x86_64-debian-gcc 0.4 2.42 23.61 26.03 NOTE
r-devel-linux-x86_64-fedora-clang 0.4 51.58 NOTE
r-devel-linux-x86_64-fedora-gcc 0.4 41.59 NOTE
r-devel-windows-x86_64 0.4 5.00 45.00 50.00 NOTE
r-devel-windows-x86_64-gcc10-UCRT 0.4 NOTE
r-patched-linux-x86_64 0.4 2.92 30.58 33.50 NOTE
r-patched-solaris-x86 0.4 64.40 NOTE
r-release-linux-x86_64 0.4 2.68 30.29 32.97 NOTE
r-release-macos-arm64 0.4 NOTE
r-release-macos-x86_64 0.4 NOTE
r-release-windows-ix86+x86_64 0.4 8.00 67.00 75.00 NOTE
r-oldrel-macos-x86_64 0.4 NOTE
r-oldrel-windows-ix86+x86_64 0.4 8.00 68.00 76.00 NOTE

Check Details

Version: 0.4
Check: R code for possible problems
Result: NOTE
    bipoilogMLE: no visible global function definition for 'optim'
    bipoilogMLE: no visible global function definition for 'write.table'
    poilogMLE: no visible global function definition for 'optim'
    rbipoilog : sim: no visible global function definition for 'rnorm'
    rbipoilog : sim: no visible global function definition for 'rpois'
    rpoilog : sim: no visible global function definition for 'rnorm'
    rpoilog : sim: no visible global function definition for 'rpois'
    Undefined global functions or variables:
     optim rnorm rpois write.table
    Consider adding
     importFrom("stats", "optim", "rnorm", "rpois")
     importFrom("utils", "write.table")
    to your NAMESPACE file.
Flavors: r-devel-linux-x86_64-debian-clang, r-devel-linux-x86_64-debian-gcc, r-devel-linux-x86_64-fedora-clang, r-devel-linux-x86_64-fedora-gcc, r-devel-windows-x86_64, r-devel-windows-x86_64-gcc10-UCRT, r-patched-linux-x86_64, r-patched-solaris-x86, r-release-linux-x86_64, r-release-macos-arm64, r-release-macos-x86_64, r-release-windows-ix86+x86_64, r-oldrel-macos-x86_64, r-oldrel-windows-ix86+x86_64

Version: 0.4
Check: compiled code
Result: NOTE
    File ‘poilog/libs/poilog.so’:
     Found no calls to: ‘R_registerRoutines’, ‘R_useDynamicSymbols’
    
    It is good practice to register native routines and to disable symbol
    search.
    
    See ‘Writing portable packages’ in the ‘Writing R Extensions’ manual.
Flavors: r-devel-linux-x86_64-fedora-clang, r-devel-linux-x86_64-fedora-gcc