CRAN Package Check Results for Package pointr

Last updated on 2021-05-07 23:47:57 CEST.

Flavor Version Tinstall Tcheck Ttotal Status Flags
r-devel-linux-x86_64-debian-clang 0.2.0 1.97 19.48 21.45 NOTE
r-devel-linux-x86_64-debian-gcc 0.2.0 1.30 15.80 17.10 NOTE
r-devel-linux-x86_64-fedora-clang 0.2.0 37.11 NOTE
r-devel-linux-x86_64-fedora-gcc 0.2.0 26.38 NOTE
r-devel-windows-ix86+x86_64 0.2.0 5.00 35.00 40.00 NOTE
r-devel-windows-x86_64-gcc10-UCRT 0.2.0 NOTE
r-patched-linux-x86_64 0.2.0 1.96 19.44 21.40 NOTE
r-patched-solaris-x86 0.2.0 40.80 OK
r-release-linux-x86_64 0.2.0 1.85 18.95 20.80 OK
r-release-macos-x86_64 0.2.0 OK
r-release-windows-ix86+x86_64 0.2.0 4.00 28.00 32.00 OK
r-oldrel-macos-x86_64 0.2.0 OK
r-oldrel-windows-ix86+x86_64 0.2.0 4.00 26.00 30.00 OK

Check Details

Version: 0.2.0
Check: LazyData
Result: NOTE
     'LazyData' is specified without a 'data' directory
Flavors: r-devel-linux-x86_64-debian-clang, r-devel-linux-x86_64-debian-gcc, r-devel-linux-x86_64-fedora-clang, r-devel-linux-x86_64-fedora-gcc, r-devel-windows-ix86+x86_64, r-devel-windows-x86_64-gcc10-UCRT, r-patched-linux-x86_64