Last updated on 2021-02-26 19:50:58 CET.
Flavor | Version | Tinstall | Tcheck | Ttotal | Status | Flags |
---|---|---|---|---|---|---|
r-devel-linux-x86_64-debian-clang | 0.0-4 | 9.62 | 79.76 | 89.38 | OK | |
r-devel-linux-x86_64-debian-gcc | 0.0-4 | 7.84 | 57.45 | 65.29 | OK | |
r-devel-linux-x86_64-fedora-clang | 0.0-4 | 120.39 | NOTE | |||
r-devel-linux-x86_64-fedora-gcc | 0.0-4 | 108.60 | NOTE | |||
r-devel-windows-ix86+x86_64 | 0.0-4 | 18.00 | 81.00 | 99.00 | OK | |
r-patched-linux-x86_64 | 0.0-4 | 9.96 | 76.86 | 86.82 | OK | |
r-patched-solaris-x86 | 0.0-4 | 149.40 | NOTE | |||
r-release-linux-x86_64 | 0.0-4 | 8.16 | 72.26 | 80.42 | OK | |
r-release-macos-x86_64 | 0.0-4 | NOTE | ||||
r-release-windows-ix86+x86_64 | 0.0-4 | 26.00 | 85.00 | 111.00 | OK | |
r-oldrel-macos-x86_64 | 0.0-4 | NOTE | ||||
r-oldrel-windows-ix86+x86_64 | 0.0-4 | 14.00 | 85.00 | 99.00 | OK |
Version: 0.0-4
Check: Rd cross-references
Result: NOTE
Undeclared package ‘ISOcodes’ in Rd xrefs
Flavor: r-devel-linux-x86_64-fedora-clang
Version: 0.0-4
Check: data for non-ASCII characters
Result: NOTE
Note: found 8 marked UTF-8 strings
Flavors: r-devel-linux-x86_64-fedora-clang, r-devel-linux-x86_64-fedora-gcc, r-patched-solaris-x86, r-release-macos-x86_64, r-oldrel-macos-x86_64