CRAN Package Check Results for Package poisDoubleSamp

Last updated on 2020-10-21 03:47:29 CEST.

Flavor Version Tinstall Tcheck Ttotal Status Flags
r-devel-linux-x86_64-debian-clang 1.1 24.71 28.35 53.06 NOTE
r-devel-linux-x86_64-debian-gcc 1.1 17.79 22.06 39.85 NOTE
r-devel-linux-x86_64-fedora-clang 1.1 81.63 NOTE
r-devel-linux-x86_64-fedora-gcc 1.1 64.49 NOTE
r-devel-windows-ix86+x86_64 1.1 43.00 55.00 98.00 NOTE
r-patched-linux-x86_64 1.1 22.33 27.14 49.47 NOTE
r-patched-solaris-x86 1.1 72.40 NOTE
r-release-linux-x86_64 1.1 24.17 26.26 50.43 NOTE
r-release-macos-x86_64 1.1 NOTE
r-release-windows-ix86+x86_64 1.1 50.00 54.00 104.00 NOTE
r-oldrel-macos-x86_64 1.1 NOTE
r-oldrel-windows-ix86+x86_64 1.1 42.00 63.00 105.00 NOTE

Check Details

Version: 1.1
Check: R code for possible problems
Result: NOTE
    approxMargMLE: no visible global function definition for 'optim'
    approxMargMLECI : ciFunction: no visible global function definition for
     'qchisq'
    approxMargMLECI: no visible global function definition for 'uniroot'
    margMLE: no visible global function definition for 'optim'
    margMLECI: no visible global function definition for 'optim'
    margMLECI : unNormLikeMinusVal: no visible global function definition
     for 'qchisq'
    margMLECI: no visible global function definition for 'uniroot'
    profMLECI : ciFunction: no visible global function definition for
     'qchisq'
    profMLECI: no visible global function definition for 'uniroot'
    rtbinom: no visible global function definition for 'rbinom'
    rtpois: no visible global function definition for 'rpois'
    waldCI: no visible global function definition for 'qnorm'
    Undefined global functions or variables:
     optim qchisq qnorm rbinom rpois uniroot
    Consider adding
     importFrom("stats", "optim", "qchisq", "qnorm", "rbinom", "rpois",
     "uniroot")
    to your NAMESPACE file.
Flavors: r-devel-linux-x86_64-debian-clang, r-devel-linux-x86_64-debian-gcc, r-devel-linux-x86_64-fedora-clang, r-devel-linux-x86_64-fedora-gcc, r-devel-windows-ix86+x86_64, r-patched-linux-x86_64, r-patched-solaris-x86, r-release-linux-x86_64, r-release-macos-x86_64, r-release-windows-ix86+x86_64, r-oldrel-macos-x86_64, r-oldrel-windows-ix86+x86_64

Version: 1.1
Check: compiled code
Result: NOTE
    File ‘poisDoubleSamp/libs/poisDoubleSamp.so’:
     Found no calls to: ‘R_registerRoutines’, ‘R_useDynamicSymbols’
    
    It is good practice to register native routines and to disable symbol
    search.
    
    See ‘Writing portable packages’ in the ‘Writing R Extensions’ manual.
Flavors: r-devel-linux-x86_64-fedora-clang, r-devel-linux-x86_64-fedora-gcc