CRAN Package Check Results for Package polidata

Last updated on 2019-07-22 13:47:03 CEST.

Flavor Version Tinstall Tcheck Ttotal Status Flags
r-devel-linux-x86_64-debian-clang 0.1.0.1 2.25 24.44 26.69 NOTE
r-devel-linux-x86_64-debian-gcc 0.1.0.1 1.72 20.03 21.75 NOTE
r-devel-linux-x86_64-fedora-clang 0.1.0.1 32.34 OK
r-devel-linux-x86_64-fedora-gcc 0.1.0.1 32.25 OK
r-devel-windows-ix86+x86_64 0.1.0.1 5.00 49.00 54.00 NOTE
r-patched-linux-x86_64 0.1.0.1 1.98 24.17 26.15 OK
r-patched-solaris-x86 0.1.0.1 54.50 OK
r-release-linux-x86_64 0.1.0.1 2.30 24.34 26.64 OK
r-release-windows-ix86+x86_64 0.1.0.1 5.00 38.00 43.00 OK
r-release-osx-x86_64 0.1.0.1 OK
r-oldrel-windows-ix86+x86_64 0.1.0.1 6.00 36.00 42.00 OK
r-oldrel-osx-x86_64 0.1.0.1 OK

Check Details

Version: 0.1.0.1
Check: package vignettes
Result: NOTE
    Package vignette with placeholder title 'Vignette Title':
     'release.Rmd'
Flavors: r-devel-linux-x86_64-debian-clang, r-devel-linux-x86_64-debian-gcc, r-devel-windows-ix86+x86_64