CRAN Package Check Results for Package polimetrics

Last updated on 2023-05-30 11:00:21 CEST.

Flavor Version Tinstall Tcheck Ttotal Status Flags
r-devel-linux-x86_64-debian-clang 1.2.1.14 5.61 43.95 49.56 OK
r-devel-linux-x86_64-debian-gcc 1.2.1.14 4.10 33.00 37.10 OK
r-devel-linux-x86_64-fedora-clang 1.2.1.14 61.61 NOTE
r-devel-linux-x86_64-fedora-gcc 1.2.1.14 58.16 NOTE
r-devel-windows-x86_64 1.2.1.14 7.00 54.00 61.00 OK
r-patched-linux-x86_64 1.2.1.14 3.81 41.64 45.45 OK
r-release-linux-x86_64 1.2.1.14 4.91 41.25 46.16 OK
r-release-macos-arm64 1.2.1.14 24.00 OK
r-release-macos-x86_64 1.2.1.14 32.00 OK
r-release-windows-x86_64 1.2.1.14 8.00 57.00 65.00 OK
r-oldrel-macos-arm64 1.2.1.14 25.00 NOTE
r-oldrel-macos-x86_64 1.2.1.14 46.00 NOTE
r-oldrel-windows-x86_64 1.2.1.14 8.00 63.00 71.00 OK

Check Details

Version: 1.2.1.14
Check: dependencies in R code
Result: NOTE
    Namespaces in Imports field not imported from:
     ‘MASS’ ‘car’ ‘formula.tools’ ‘ggplot2’ ‘gplots’ ‘graphics’ ‘purrr’
     ‘rstatix’ ‘stringr’ ‘tidyverse’
     All declared Imports should be used.
Flavors: r-devel-linux-x86_64-fedora-clang, r-devel-linux-x86_64-fedora-gcc, r-oldrel-macos-arm64, r-oldrel-macos-x86_64

Version: 1.2.1.14
Check: data for non-ASCII characters
Result: NOTE
     Note: found 2 marked UTF-8 strings
Flavors: r-devel-linux-x86_64-fedora-clang, r-devel-linux-x86_64-fedora-gcc, r-oldrel-macos-arm64, r-oldrel-macos-x86_64