CRAN Package Check Results for Package polimetrics

Last updated on 2022-08-13 07:55:29 CEST.

Flavor Version Tinstall Tcheck Ttotal Status Flags
r-devel-linux-x86_64-debian-clang 1.2.1.14 6.48 58.50 64.98 OK
r-devel-linux-x86_64-debian-gcc 1.2.1.14 4.81 43.52 48.33 OK
r-devel-linux-x86_64-fedora-clang 1.2.1.14 86.31 NOTE
r-devel-linux-x86_64-fedora-gcc 1.2.1.14 83.49 NOTE
r-devel-windows-x86_64 1.2.1.14 20.00 83.00 103.00 OK
r-patched-linux-x86_64 1.2.1.14 5.19 55.25 60.44 OK
r-release-linux-x86_64 1.2.1.14 6.71 55.53 62.24 OK
r-release-macos-arm64 1.2.1.14 25.00 NOTE
r-release-macos-x86_64 1.2.1.14 46.00 NOTE
r-release-windows-x86_64 1.2.1.14 17.00 94.00 111.00 OK
r-oldrel-macos-arm64 1.2.1.14 23.00 NOTE
r-oldrel-macos-x86_64 1.2.1.14 34.00 NOTE
r-oldrel-windows-ix86+x86_64 1.2.1.14 17.00 78.00 95.00 OK

Check Details

Version: 1.2.1.14
Check: dependencies in R code
Result: NOTE
    Namespaces in Imports field not imported from:
     ‘MASS’ ‘car’ ‘formula.tools’ ‘ggplot2’ ‘gplots’ ‘graphics’ ‘purrr’
     ‘rstatix’ ‘stringr’ ‘tidyverse’
     All declared Imports should be used.
Flavors: r-devel-linux-x86_64-fedora-clang, r-devel-linux-x86_64-fedora-gcc, r-release-macos-arm64, r-release-macos-x86_64, r-oldrel-macos-arm64, r-oldrel-macos-x86_64

Version: 1.2.1.14
Check: data for non-ASCII characters
Result: NOTE
     Note: found 2 marked UTF-8 strings
Flavors: r-devel-linux-x86_64-fedora-clang, r-devel-linux-x86_64-fedora-gcc, r-release-macos-arm64, r-release-macos-x86_64, r-oldrel-macos-arm64, r-oldrel-macos-x86_64