CRAN Package Check Results for Package polished

Last updated on 2020-09-29 06:46:59 CEST.

Flavor Version Tinstall Tcheck Ttotal Status Flags
r-devel-linux-x86_64-debian-clang 0.1.0 10.27 64.11 74.38 OK
r-devel-linux-x86_64-debian-gcc 0.1.0 8.07 47.50 55.57 OK
r-devel-linux-x86_64-fedora-clang 0.1.0 98.94 NOTE
r-devel-linux-x86_64-fedora-gcc 0.1.0 88.33 NOTE
r-devel-windows-ix86+x86_64 0.1.0 22.00 63.00 85.00 OK
r-patched-linux-x86_64 0.1.0 9.01 58.07 67.08 OK
r-patched-solaris-x86 0.1.0 125.90 NOTE
r-release-linux-x86_64 0.1.0 11.79 58.57 70.36 OK
r-release-macos-x86_64 0.1.0 NOTE
r-release-windows-ix86+x86_64 0.1.0 27.00 84.00 111.00 OK
r-oldrel-macos-x86_64 0.1.0 NOTE
r-oldrel-windows-ix86+x86_64 0.1.0 19.00 78.00 97.00 OK

Check Details

Version: 0.1.0
Check: package dependencies
Result: NOTE
    Imports includes 25 non-default packages.
    Importing from so many packages makes the package vulnerable to any of
    them becoming unavailable. Move as many as possible to Suggests and
    use conditionally.
Flavor: r-devel-linux-x86_64-fedora-clang

Version: 0.1.0
Check: dependencies in R code
Result: NOTE
    Namespaces in Imports field not imported from:
     ‘rlang’ ‘xts’
     All declared Imports should be used.
Flavors: r-devel-linux-x86_64-fedora-clang, r-devel-linux-x86_64-fedora-gcc, r-patched-solaris-x86, r-release-macos-x86_64, r-oldrel-macos-x86_64