Last updated on 2023-09-26 10:07:48 CEST.
Flavor | Version | Tinstall | Tcheck | Ttotal | Status | Flags |
---|---|---|---|---|---|---|
r-devel-linux-x86_64-debian-clang | 1.0.1 | 35.11 | 297.15 | 332.26 | NOTE | |
r-devel-linux-x86_64-debian-gcc | 1.0.1 | 25.93 | 212.37 | 238.30 | NOTE | |
r-devel-linux-x86_64-fedora-clang | 1.0.1 | 411.36 | NOTE | |||
r-devel-linux-x86_64-fedora-gcc | 1.0.1 | 403.85 | NOTE | |||
r-devel-windows-x86_64 | 1.0.1 | 31.00 | 208.00 | 239.00 | NOTE | |
r-patched-linux-x86_64 | 1.0.1 | 30.85 | 277.00 | 307.85 | NOTE | |
r-release-linux-x86_64 | 1.0.1 | 22.96 | 270.04 | 293.00 | NOTE | |
r-release-macos-arm64 | 1.0.1 | 73.00 | NOTE | |||
r-release-macos-x86_64 | 1.0.1 | 124.00 | NOTE | |||
r-release-windows-x86_64 | 1.0.1 | 39.00 | 255.00 | 294.00 | NOTE | |
r-oldrel-macos-arm64 | 1.0.1 | 67.00 | NOTE | |||
r-oldrel-macos-x86_64 | 1.0.1 | 116.00 | NOTE | |||
r-oldrel-windows-x86_64 | 1.0.1 | 38.00 | 253.00 | 291.00 | NOTE |
Version: 1.0.1
Check: package dependencies
Result: NOTE
Package suggested but not available for checking: ‘pollimetrydata’
Flavors: r-devel-linux-x86_64-debian-clang, r-devel-linux-x86_64-debian-gcc, r-devel-linux-x86_64-fedora-clang, r-devel-linux-x86_64-fedora-gcc, r-devel-windows-x86_64, r-patched-linux-x86_64, r-release-linux-x86_64, r-release-macos-arm64, r-release-macos-x86_64, r-release-windows-x86_64, r-oldrel-macos-arm64, r-oldrel-macos-x86_64, r-oldrel-windows-x86_64