Last updated on 2022-05-29 05:51:12 CEST.
Flavor | Version | Tinstall | Tcheck | Ttotal | Status | Flags |
---|---|---|---|---|---|---|
r-devel-linux-x86_64-debian-clang | 0.8.6 | 28.02 | 327.34 | 355.36 | OK | |
r-devel-linux-x86_64-debian-gcc | 0.8.6 | 20.42 | 209.68 | 230.10 | OK | |
r-devel-linux-x86_64-fedora-clang | 0.8.6 | 389.15 | OK | |||
r-devel-linux-x86_64-fedora-gcc | 0.8.6 | 334.06 | OK | |||
r-devel-windows-x86_64 | 0.8.6 | 215.00 | 303.00 | 518.00 | OK | |
r-patched-linux-x86_64 | 0.8.6 | 27.14 | 262.83 | 289.97 | OK | |
r-release-linux-x86_64 | 0.8.6 | 27.48 | 261.37 | 288.85 | OK | |
r-release-macos-arm64 | 0.8.6 | 112.00 | NOTE | |||
r-release-macos-x86_64 | 0.8.6 | 133.00 | OK | |||
r-release-windows-x86_64 | 0.8.6 | 202.00 | 304.00 | 506.00 | OK | |
r-oldrel-macos-arm64 | 0.8.6 | 102.00 | NOTE | |||
r-oldrel-macos-x86_64 | 0.8.6 | 121.00 | OK | |||
r-oldrel-windows-ix86+x86_64 | 0.8.6 | 53.00 | 312.00 | 365.00 | OK |
Version: 0.8.6
Check: installed package size
Result: NOTE
installed size is 5.2Mb
sub-directories of 1Mb or more:
R 2.0Mb
extdata 1.9Mb
Flavors: r-release-macos-arm64, r-oldrel-macos-arm64