CRAN Package Check Results for Package polyclip

Last updated on 2021-06-16 17:52:03 CEST.

Flavor Version Tinstall Tcheck Ttotal Status Flags
r-devel-linux-x86_64-debian-clang 1.10-0 13.64 25.86 39.50 NOTE
r-devel-linux-x86_64-debian-gcc 1.10-0 8.89 20.15 29.04 NOTE
r-devel-linux-x86_64-fedora-clang 1.10-0 60.91 NOTE
r-devel-linux-x86_64-fedora-gcc 1.10-0 47.23 NOTE
r-devel-windows-x86_64 1.10-0 16.00 45.00 61.00 NOTE
r-devel-windows-x86_64-gcc10-UCRT 1.10-0 NOTE
r-patched-linux-x86_64 1.10-0 10.58 24.98 35.56 NOTE
r-patched-solaris-x86 1.10-0 71.70 NOTE
r-release-linux-x86_64 1.10-0 10.14 25.05 35.19 NOTE
r-release-macos-arm64 1.10-0 NOTE
r-release-macos-x86_64 1.10-0 NOTE
r-release-windows-ix86+x86_64 1.10-0 25.00 42.00 67.00 NOTE
r-oldrel-macos-x86_64 1.10-0 OK
r-oldrel-windows-ix86+x86_64 1.10-0 25.00 44.00 69.00 OK

Check Details

Version: 1.10-0
Check: LazyData
Result: NOTE
     'LazyData' is specified without a 'data' directory
Flavors: r-devel-linux-x86_64-debian-clang, r-devel-linux-x86_64-debian-gcc, r-devel-linux-x86_64-fedora-clang, r-devel-linux-x86_64-fedora-gcc, r-devel-windows-x86_64, r-devel-windows-x86_64-gcc10-UCRT, r-patched-linux-x86_64, r-patched-solaris-x86, r-release-linux-x86_64, r-release-macos-arm64, r-release-macos-x86_64, r-release-windows-ix86+x86_64