CRAN Package Check Results for Package polyfreqs

Last updated on 2021-03-05 02:49:17 CET.

Flavor Version Tinstall Tcheck Ttotal Status Flags
r-devel-linux-x86_64-debian-clang 1.0.2 46.50 75.34 121.84 NOTE
r-devel-linux-x86_64-debian-gcc 1.0.2 26.30 55.56 81.86 NOTE
r-devel-linux-x86_64-fedora-clang 1.0.2 167.37 NOTE
r-devel-linux-x86_64-fedora-gcc 1.0.2 143.18 NOTE
r-devel-windows-ix86+x86_64 1.0.2 98.00 120.00 218.00 OK
r-patched-linux-x86_64 1.0.2 NOTE
r-patched-solaris-x86 1.0.2 232.60 NOTE
r-release-linux-x86_64 1.0.2 30.93 71.13 102.06 NOTE
r-release-macos-x86_64 1.0.2 OK
r-release-windows-ix86+x86_64 1.0.2 98.00 128.00 226.00 OK
r-oldrel-macos-x86_64 1.0.2 OK
r-oldrel-windows-ix86+x86_64 1.0.2 85.00 133.00 218.00 OK

Check Details

Version: 1.0.2
Check: for non-standard things in the check directory
Result: NOTE
    Found the following files/directories:
     'polyfreqs-mcmc.out'
Flavors: r-devel-linux-x86_64-debian-clang, r-devel-linux-x86_64-debian-gcc, r-devel-linux-x86_64-fedora-clang, r-devel-linux-x86_64-fedora-gcc, r-patched-linux-x86_64, r-patched-solaris-x86, r-release-linux-x86_64

Version: 1.0.2
Check: compiled code
Result: NOTE
    File ‘polyfreqs/libs/polyfreqs.so’:
     Found no calls to: ‘R_registerRoutines’, ‘R_useDynamicSymbols’
    
    It is good practice to register native routines and to disable symbol
    search.
    
    See ‘Writing portable packages’ in the ‘Writing R Extensions’ manual.
Flavors: r-devel-linux-x86_64-fedora-clang, r-devel-linux-x86_64-fedora-gcc