CRAN Package Check Results for Package polyfreqs

Last updated on 2020-06-01 21:50:43 CEST.

Flavor Version Tinstall Tcheck Ttotal Status Flags
r-devel-linux-x86_64-debian-clang 1.0.2 42.79 73.08 115.87 NOTE
r-devel-linux-x86_64-debian-gcc 1.0.2 29.36 56.09 85.45 NOTE
r-devel-linux-x86_64-fedora-clang 1.0.2 169.60 NOTE
r-devel-linux-x86_64-fedora-gcc 1.0.2 140.02 NOTE
r-devel-windows-ix86+x86_64 1.0.2 103.00 155.00 258.00 OK
r-patched-linux-x86_64 1.0.2 30.68 74.02 104.70 NOTE
r-patched-solaris-x86 1.0.2 227.60 NOTE
r-release-linux-x86_64 1.0.2 30.54 75.44 105.98 NOTE
r-release-osx-x86_64 1.0.2 OK
r-release-windows-ix86+x86_64 1.0.2 86.00 155.00 241.00 OK
r-oldrel-osx-x86_64 1.0.2 OK
r-oldrel-windows-ix86+x86_64 1.0.2 101.00 121.00 222.00 OK

Check Details

Version: 1.0.2
Check: for non-standard things in the check directory
Result: NOTE
    Found the following files/directories:
     'polyfreqs-mcmc.out'
Flavors: r-devel-linux-x86_64-debian-clang, r-devel-linux-x86_64-debian-gcc, r-devel-linux-x86_64-fedora-clang, r-devel-linux-x86_64-fedora-gcc, r-patched-linux-x86_64, r-patched-solaris-x86, r-release-linux-x86_64

Version: 1.0.2
Check: compiled code
Result: NOTE
    File ‘polyfreqs/libs/polyfreqs.so’:
     Found no calls to: ‘R_registerRoutines’, ‘R_useDynamicSymbols’
    
    It is good practice to register native routines and to disable symbol
    search.
    
    See ‘Writing portable packages’ in the ‘Writing R Extensions’ manual.
Flavors: r-devel-linux-x86_64-fedora-clang, r-devel-linux-x86_64-fedora-gcc