CRAN Package Check Results for Package polyfreqs

Last updated on 2019-11-14 05:47:15 CET.

Flavor Version Tinstall Tcheck Ttotal Status Flags
r-devel-linux-x86_64-debian-clang 1.0.2 39.66 78.89 118.55 NOTE
r-devel-linux-x86_64-debian-gcc 1.0.2 23.81 54.34 78.15 NOTE
r-devel-linux-x86_64-fedora-clang 1.0.2 156.29 NOTE
r-devel-linux-x86_64-fedora-gcc 1.0.2 137.38 NOTE
r-devel-windows-ix86+x86_64 1.0.2 96.00 113.00 209.00 OK
r-patched-linux-x86_64 1.0.2 28.16 72.57 100.73 OK
r-patched-solaris-x86 1.0.2 185.90 OK
r-release-linux-x86_64 1.0.2 27.21 69.14 96.35 OK
r-release-windows-ix86+x86_64 1.0.2 65.00 145.00 210.00 OK
r-release-osx-x86_64 1.0.2 OK
r-oldrel-windows-ix86+x86_64 1.0.2 65.00 150.00 215.00 OK
r-oldrel-osx-x86_64 1.0.2 OK

Check Details

Version: 1.0.2
Check: for non-standard things in the check directory
Result: NOTE
    Found the following files/directories:
     'polyfreqs-mcmc.out'
Flavors: r-devel-linux-x86_64-debian-clang, r-devel-linux-x86_64-debian-gcc, r-devel-linux-x86_64-fedora-clang, r-devel-linux-x86_64-fedora-gcc

Version: 1.0.2
Check: compiled code
Result: NOTE
    File ‘polyfreqs/libs/polyfreqs.so’:
     Found no calls to: ‘R_registerRoutines’, ‘R_useDynamicSymbols’
    
    It is good practice to register native routines and to disable symbol
    search.
    
    See ‘Writing portable packages’ in the ‘Writing R Extensions’ manual.
Flavors: r-devel-linux-x86_64-fedora-clang, r-devel-linux-x86_64-fedora-gcc