CRAN Package Check Results for Package polyfreqs

Last updated on 2021-06-22 00:49:07 CEST.

Flavor Version Tinstall Tcheck Ttotal Status Flags
r-devel-linux-x86_64-debian-clang 1.0.2 43.09 73.95 117.04 NOTE
r-devel-linux-x86_64-debian-gcc 1.0.2 26.35 57.57 83.92 NOTE
r-devel-linux-x86_64-fedora-clang 1.0.2 168.16 NOTE
r-devel-linux-x86_64-fedora-gcc 1.0.2 145.48 NOTE
r-devel-windows-x86_64 1.0.2 53.00 118.00 171.00 OK
r-devel-windows-x86_64-gcc10-UCRT 1.0.2 OK
r-patched-linux-x86_64 1.0.2 32.11 73.45 105.56 NOTE
r-patched-solaris-x86 1.0.2 235.20 NOTE
r-release-linux-x86_64 1.0.2 30.92 74.31 105.23 NOTE
r-release-macos-arm64 1.0.2 OK
r-release-macos-x86_64 1.0.2 OK
r-release-windows-ix86+x86_64 1.0.2 96.00 146.00 242.00 OK
r-oldrel-macos-x86_64 1.0.2 OK

Check Details

Version: 1.0.2
Check: for non-standard things in the check directory
Result: NOTE
    Found the following files/directories:
     'polyfreqs-mcmc.out'
Flavors: r-devel-linux-x86_64-debian-clang, r-devel-linux-x86_64-debian-gcc, r-devel-linux-x86_64-fedora-clang, r-devel-linux-x86_64-fedora-gcc, r-patched-linux-x86_64, r-patched-solaris-x86, r-release-linux-x86_64

Version: 1.0.2
Check: compiled code
Result: NOTE
    File ‘polyfreqs/libs/polyfreqs.so’:
     Found no calls to: ‘R_registerRoutines’, ‘R_useDynamicSymbols’
    
    It is good practice to register native routines and to disable symbol
    search.
    
    See ‘Writing portable packages’ in the ‘Writing R Extensions’ manual.
Flavors: r-devel-linux-x86_64-fedora-clang, r-devel-linux-x86_64-fedora-gcc