Last updated on 2023-11-29 15:50:25 CET.
Flavor | Version | Tinstall | Tcheck | Ttotal | Status | Flags |
---|---|---|---|---|---|---|
r-devel-linux-x86_64-debian-clang | 0.2.0 | 18.99 | 30.67 | 49.66 | NOTE | |
r-devel-linux-x86_64-debian-gcc | 0.2.0 | 12.67 | 24.10 | 36.77 | NOTE | |
r-devel-linux-x86_64-fedora-clang | 0.2.0 | 72.58 | NOTE | |||
r-devel-linux-x86_64-fedora-gcc | 0.2.0 | 67.01 | NOTE | |||
r-devel-windows-x86_64 | 0.2.0 | 14.00 | 64.00 | 78.00 | NOTE | |
r-patched-linux-x86_64 | 0.2.0 | 17.07 | 30.96 | 48.03 | NOTE | |
r-release-linux-x86_64 | 0.2.0 | 15.62 | 30.27 | 45.89 | NOTE | |
r-release-macos-arm64 | 0.2.0 | 25.00 | NOTE | |||
r-release-macos-x86_64 | 0.2.0 | 34.00 | NOTE | |||
r-release-windows-x86_64 | 0.2.0 | 19.00 | 68.00 | 87.00 | NOTE | |
r-oldrel-macos-arm64 | 0.2.0 | 24.00 | NOTE | |||
r-oldrel-macos-x86_64 | 0.2.0 | 32.00 | NOTE | |||
r-oldrel-windows-x86_64 | 0.2.0 | 25.00 | 69.00 | 94.00 | NOTE |
Version: 0.2.0
Check: C++ specification
Result: NOTE
Specified C++11: please drop specification unless essential
Flavors: r-devel-linux-x86_64-debian-clang, r-devel-linux-x86_64-debian-gcc, r-devel-linux-x86_64-fedora-clang, r-devel-linux-x86_64-fedora-gcc, r-devel-windows-x86_64, r-patched-linux-x86_64, r-release-linux-x86_64, r-release-macos-arm64, r-release-macos-x86_64, r-release-windows-x86_64
Version: 0.2.0
Check: LazyData
Result: NOTE
'LazyData' is specified without a 'data' directory
Flavors: r-devel-linux-x86_64-debian-clang, r-devel-linux-x86_64-debian-gcc, r-devel-linux-x86_64-fedora-clang, r-devel-linux-x86_64-fedora-gcc, r-devel-windows-x86_64, r-patched-linux-x86_64, r-release-linux-x86_64, r-release-macos-arm64, r-release-macos-x86_64, r-release-windows-x86_64, r-oldrel-macos-arm64, r-oldrel-macos-x86_64, r-oldrel-windows-x86_64