CRAN Package Check Results for Package polymapR

Last updated on 2020-05-28 17:50:14 CEST.

Flavor Version Tinstall Tcheck Ttotal Status Flags
r-devel-linux-x86_64-debian-clang 1.0.20 516.18 1054.47 1570.65 OK
r-devel-linux-x86_64-debian-gcc 1.0.20 406.76 750.44 1157.20 OK
r-devel-linux-x86_64-fedora-clang 1.0.20 2269.71 NOTE
r-devel-linux-x86_64-fedora-gcc 1.0.20 2303.81 NOTE
r-devel-windows-ix86+x86_64 1.0.20 916.00 906.00 1822.00 NOTE
r-patched-linux-x86_64 1.0.20 480.04 1072.98 1553.02 OK
r-patched-solaris-x86 1.0.20 2360.20 NOTE
r-release-linux-x86_64 1.0.20 487.23 1076.20 1563.43 OK
r-release-osx-x86_64 1.0.20 WARN
r-release-windows-ix86+x86_64 1.0.20 632.00 1090.00 1722.00 NOTE
r-oldrel-osx-x86_64 1.0.20 NOTE
r-oldrel-windows-ix86+x86_64 1.0.20 639.00 759.00 1398.00 NOTE

Check Details

Version: 1.0.20
Check: installed package size
Result: NOTE
     installed size is 11.1Mb
     sub-directories of 1Mb or more:
     R 6.4Mb
     data 4.0Mb
Flavors: r-devel-linux-x86_64-fedora-clang, r-devel-windows-ix86+x86_64, r-patched-solaris-x86, r-release-osx-x86_64, r-release-windows-ix86+x86_64, r-oldrel-osx-x86_64, r-oldrel-windows-ix86+x86_64

Version: 1.0.20
Check: dependencies in R code
Result: NOTE
    Namespace in Imports field not imported from: ‘combinat’
     All declared Imports should be used.
Flavors: r-devel-linux-x86_64-fedora-clang, r-devel-linux-x86_64-fedora-gcc, r-patched-solaris-x86, r-release-osx-x86_64

Version: 1.0.20
Check: re-building of vignette outputs
Result: WARN
    Error(s) in re-building vignettes:
     ...
    --- re-building ‘Vignette_polymapR.Rmd’ using rmarkdown
    dyld: lazy symbol binding failed: Symbol not found: ____chkstk_darwin
     Referenced from: /usr/local/bin/pandoc (which was built for Mac OS X 10.15)
     Expected in: /usr/lib/libSystem.B.dylib
    
    dyld: Symbol not found: ____chkstk_darwin
     Referenced from: /usr/local/bin/pandoc (which was built for Mac OS X 10.15)
     Expected in: /usr/lib/libSystem.B.dylib
    
    Error: processing vignette 'Vignette_polymapR.Rmd' failed with diagnostics:
    pandoc document conversion failed with error 6
    --- failed re-building ‘Vignette_polymapR.Rmd’
    
    SUMMARY: processing the following file failed:
     ‘Vignette_polymapR.Rmd’
    
    Error: Vignette re-building failed.
    Execution halted
Flavor: r-release-osx-x86_64

Version: 1.0.20
Check: dependencies in R code
Result: NOTE
    No protocol specified
    Namespace in Imports field not imported from: ‘combinat’
     All declared Imports should be used.
Flavor: r-oldrel-osx-x86_64