CRAN Package Check Results for Package polymapR

Last updated on 2021-06-14 03:49:12 CEST.

Flavor Version Tinstall Tcheck Ttotal Status Flags
r-devel-linux-x86_64-debian-clang 1.1.2 552.27 1223.97 1776.24 OK
r-devel-linux-x86_64-debian-gcc 1.1.2 366.97 839.80 1206.77 OK
r-devel-linux-x86_64-fedora-clang 1.1.2 1835.66 NOTE
r-devel-linux-x86_64-fedora-gcc 1.1.2 1916.58 OK
r-devel-windows-x86_64 1.1.2 813.00 1059.00 1872.00 NOTE
r-devel-windows-x86_64-gcc10-UCRT 1.1.2 OK
r-patched-linux-x86_64 1.1.2 420.28 1160.31 1580.59 OK
r-patched-solaris-x86 1.1.2 2288.90 NOTE
r-release-linux-x86_64 1.1.2 438.38 1164.95 1603.33 OK
r-release-macos-arm64 1.1.2 NOTE
r-release-macos-x86_64 1.1.2 NOTE
r-release-windows-ix86+x86_64 1.1.2 884.00 1027.00 1911.00 NOTE
r-oldrel-macos-x86_64 1.1.2 NOTE
r-oldrel-windows-ix86+x86_64 1.1.2 809.00 1017.00 1826.00 NOTE

Check Details

Version: 1.1.2
Check: installed package size
Result: NOTE
     installed size is 12.1Mb
     sub-directories of 1Mb or more:
     R 6.5Mb
     data 4.6Mb
Flavors: r-devel-linux-x86_64-fedora-clang, r-devel-windows-x86_64, r-patched-solaris-x86, r-release-macos-arm64, r-release-macos-x86_64, r-release-windows-ix86+x86_64, r-oldrel-macos-x86_64, r-oldrel-windows-ix86+x86_64

Version: 1.1.2
Check: package dependencies
Result: NOTE
    Package suggested but not available for checking: ‘polyRAD’
Flavor: r-release-macos-arm64

Version: 1.1.2
Check: Rd cross-references
Result: NOTE
    Package unavailable to check Rd xrefs: ‘polyRAD’
Flavor: r-release-macos-arm64