CRAN Package Check Results for Package polymapR

Last updated on 2019-07-18 15:47:32 CEST.

Flavor Version Tinstall Tcheck Ttotal Status Flags
r-devel-linux-x86_64-debian-clang 1.0.19 417.54 943.90 1361.44 NOTE
r-devel-linux-x86_64-debian-gcc 1.0.19 327.92 700.41 1028.33 NOTE
r-devel-linux-x86_64-fedora-clang 1.0.19 2002.52 NOTE
r-devel-linux-x86_64-fedora-gcc 1.0.19 1905.56 NOTE
r-devel-windows-ix86+x86_64 1.0.19 767.00 950.00 1717.00 NOTE
r-patched-linux-x86_64 1.0.19 415.50 955.51 1371.01 OK
r-patched-solaris-x86 1.0.19 2021.50 NOTE
r-release-linux-x86_64 1.0.19 416.39 953.00 1369.39 OK
r-release-windows-ix86+x86_64 1.0.19 569.00 946.00 1515.00 NOTE
r-release-osx-x86_64 1.0.19 NOTE
r-oldrel-windows-ix86+x86_64 1.0.19 509.00 902.00 1411.00 NOTE
r-oldrel-osx-x86_64 1.0.19 NOTE

Check Details

Version: 1.0.19
Check: for non-standard things in the check directory
Result: NOTE
    Found the following files/directories:
     'LG1' 'LG2' 'LG3' 'LG3_homologue1_P1.pwd' 'LG4' 'LG5' 'TetraOrigin'
     'TetraploidSNPMap_QTLfiles' 'all_linkages_P1' 'mapping_files_MDSMap'
Flavors: r-devel-linux-x86_64-debian-clang, r-devel-linux-x86_64-debian-gcc, r-devel-linux-x86_64-fedora-clang, r-devel-linux-x86_64-fedora-gcc

Version: 1.0.19
Check: installed package size
Result: NOTE
     installed size is 10.1Mb
     sub-directories of 1Mb or more:
     R 6.9Mb
     data 2.5Mb
Flavors: r-devel-linux-x86_64-fedora-clang, r-devel-windows-ix86+x86_64, r-patched-solaris-x86, r-release-windows-ix86+x86_64, r-release-osx-x86_64, r-oldrel-windows-ix86+x86_64, r-oldrel-osx-x86_64