CRAN Package Check Results for Package polymapR

Last updated on 2019-05-22 06:47:45 CEST.

Flavor Version Tinstall Tcheck Ttotal Status Flags
r-devel-linux-x86_64-debian-clang 1.0.19 412.03 936.67 1348.70 OK
r-devel-linux-x86_64-debian-gcc 1.0.19 330.76 706.63 1037.39 OK
r-devel-linux-x86_64-fedora-clang 1.0.19 1978.59 NOTE
r-devel-linux-x86_64-fedora-gcc 1.0.19 1286.50 OK
r-devel-windows-ix86+x86_64 1.0.19 571.00 943.00 1514.00 NOTE
r-patched-linux-x86_64 1.0.19 410.15 958.04 1368.19 OK
r-patched-solaris-x86 1.0.19 2005.30 NOTE
r-release-linux-x86_64 1.0.19 398.13 962.73 1360.86 OK
r-release-windows-ix86+x86_64 1.0.19 849.00 946.00 1795.00 NOTE
r-release-osx-x86_64 1.0.19 NOTE
r-oldrel-windows-ix86+x86_64 1.0.19 458.00 679.00 1137.00 NOTE
r-oldrel-osx-x86_64 1.0.19 NOTE

Check Details

Version: 1.0.19
Check: installed package size
Result: NOTE
     installed size is 10.1Mb
     sub-directories of 1Mb or more:
     R 6.9Mb
     data 2.5Mb
Flavors: r-devel-linux-x86_64-fedora-clang, r-devel-windows-ix86+x86_64, r-patched-solaris-x86, r-release-windows-ix86+x86_64, r-release-osx-x86_64, r-oldrel-windows-ix86+x86_64, r-oldrel-osx-x86_64