CRAN Package Check Results for Package polynom

Last updated on 2019-05-19 12:46:38 CEST.

Flavor Version Tinstall Tcheck Ttotal Status Flags
r-devel-linux-x86_64-debian-clang 1.4-0 2.13 27.64 29.77 OK
r-devel-linux-x86_64-debian-gcc 1.4-0 1.71 22.42 24.13 OK
r-devel-linux-x86_64-fedora-clang 1.4-0 37.38 OK
r-devel-linux-x86_64-fedora-gcc 1.4-0 35.80 OK
r-devel-windows-ix86+x86_64 1.4-0 10.00 79.00 89.00 OK
r-patched-linux-x86_64 1.4-0 1.95 27.60 29.55 OK
r-patched-solaris-x86 1.4-0 46.80 OK
r-release-linux-x86_64 1.4-0 2.36 27.72 30.08 OK
r-release-windows-ix86+x86_64 1.4-0 7.00 78.00 85.00 OK
r-release-osx-x86_64 1.4-0 WARN
r-oldrel-windows-ix86+x86_64 1.4-0 4.00 80.00 84.00 OK
r-oldrel-osx-x86_64 1.4-0 OK

Check Details

Version: 1.4-0
Check: re-building of vignette outputs
Result: WARN
    Error(s) in re-building vignettes:
     ...
    --- re-building ‘polynomials.Rmd’ using rmarkdown
    Warning in engine$weave(file, quiet = quiet, encoding = enc) :
     Pandoc (>= 1.12.3) and/or pandoc-citeproc not available. Falling back to R Markdown v1.
    Error: processing vignette 'polynomials.Rmd' failed with diagnostics:
    there is no package called 'stringi'
    --- failed re-building ‘polynomials.Rmd’
    
    SUMMARY: processing the following file failed:
     ‘polynomials.Rmd’
    
    Error: Vignette re-building failed.
    Execution halted
Flavor: r-release-osx-x86_64