CRAN Package Check Results for Package polynom

Last updated on 2020-09-26 16:47:26 CEST.

Flavor Version Tinstall Tcheck Ttotal Status Flags
r-devel-linux-x86_64-debian-clang 1.4-0 2.51 30.86 33.37 NOTE
r-devel-linux-x86_64-debian-gcc 1.4-0 2.22 24.20 26.42 NOTE
r-devel-linux-x86_64-fedora-clang 1.4-0 48.96 OK
r-devel-linux-x86_64-fedora-gcc 1.4-0 40.89 OK
r-devel-windows-ix86+x86_64 1.4-0 6.00 52.00 58.00 NOTE
r-patched-linux-x86_64 1.4-0 2.68 29.61 32.29 NOTE
r-patched-solaris-x86 1.4-0 50.90 OK
r-release-linux-x86_64 1.4-0 2.45 30.16 32.61 NOTE
r-release-macos-x86_64 1.4-0 OK
r-release-windows-ix86+x86_64 1.4-0 6.00 58.00 64.00 NOTE
r-oldrel-macos-x86_64 1.4-0 WARN
r-oldrel-windows-ix86+x86_64 1.4-0 29.00 46.00 75.00 OK

Check Details

Version: 1.4-0
Check: package vignettes
Result: NOTE
    Package vignette with placeholder title 'Vignette Title':
     'polynomials.Rmd'
Flavors: r-devel-linux-x86_64-debian-clang, r-devel-linux-x86_64-debian-gcc, r-devel-windows-ix86+x86_64, r-patched-linux-x86_64, r-release-linux-x86_64, r-release-windows-ix86+x86_64

Version: 1.4-0
Check: re-building of vignette outputs
Result: WARN
    Error(s) in re-building vignettes:
     ...
    --- re-building ‘polynomials.Rmd’ using rmarkdown
    Warning in engine$weave(file, quiet = quiet, encoding = enc) :
     Pandoc (>= 1.12.3) and/or pandoc-citeproc not available. Falling back to R Markdown v1.
    Error: processing vignette 'polynomials.Rmd' failed with diagnostics:
    there is no package called 'stringi'
    --- failed re-building ‘polynomials.Rmd’
    
    SUMMARY: processing the following file failed:
     ‘polynomials.Rmd’
    
    Error: Vignette re-building failed.
    Execution halted
Flavor: r-oldrel-macos-x86_64