CRAN Package Check Results for Package polypoly

Last updated on 2021-09-19 14:49:35 CEST.

Flavor Version Tinstall Tcheck Ttotal Status Flags
r-devel-linux-x86_64-debian-clang 0.0.2 1.90 41.70 43.60 NOTE
r-devel-linux-x86_64-debian-gcc 0.0.2 1.58 31.86 33.44 NOTE
r-devel-linux-x86_64-fedora-clang 0.0.2 59.96 NOTE
r-devel-linux-x86_64-fedora-gcc 0.0.2 49.10 NOTE
r-devel-windows-x86_64 0.0.2 4.00 67.00 71.00 NOTE
r-devel-windows-x86_64-gcc10-UCRT 0.0.2 ERROR
r-patched-linux-x86_64 0.0.2 2.15 38.64 40.79 NOTE
r-patched-solaris-x86 0.0.2 72.50 NOTE
r-release-linux-x86_64 0.0.2 1.94 38.72 40.66 NOTE
r-release-macos-arm64 0.0.2 NOTE
r-release-macos-x86_64 0.0.2 NOTE
r-release-windows-ix86+x86_64 0.0.2 5.00 45.00 50.00 NOTE
r-oldrel-macos-x86_64 0.0.2 OK
r-oldrel-windows-ix86+x86_64 0.0.2 5.00 42.00 47.00 OK

Check Details

Version: 0.0.2
Check: LazyData
Result: NOTE
     'LazyData' is specified without a 'data' directory
Flavors: r-devel-linux-x86_64-debian-clang, r-devel-linux-x86_64-debian-gcc, r-devel-linux-x86_64-fedora-clang, r-devel-linux-x86_64-fedora-gcc, r-devel-windows-x86_64, r-devel-windows-x86_64-gcc10-UCRT, r-patched-linux-x86_64, r-patched-solaris-x86, r-release-linux-x86_64, r-release-macos-arm64, r-release-macos-x86_64, r-release-windows-ix86+x86_64

Version: 0.0.2
Check: whether package can be installed
Result: WARN
    Found the following significant warnings:
     WARNING: installation-time patches will not be applied, could not get the patches index
Flavor: r-devel-windows-x86_64-gcc10-UCRT

Version: 0.0.2
Check: PDF version of manual
Result: WARN
    LaTeX errors when creating PDF version.
    This typically indicates Rd problems.
Flavor: r-devel-windows-x86_64-gcc10-UCRT

Version: 0.0.2
Check: PDF version of manual without hyperrefs or index
Result: ERROR
    Re-running with no redirection of stdout/stderr.
Flavor: r-devel-windows-x86_64-gcc10-UCRT