Last updated on 2021-01-19 06:51:12 CET.
Flavor | Version | Tinstall | Tcheck | Ttotal | Status | Flags |
---|---|---|---|---|---|---|
r-devel-linux-x86_64-debian-clang | 1.1 | 2.32 | 29.92 | 32.24 | NOTE | |
r-devel-linux-x86_64-debian-gcc | 1.1 | 1.82 | 23.19 | 25.01 | NOTE | |
r-devel-linux-x86_64-fedora-clang | 1.1 | 47.74 | NOTE | |||
r-devel-linux-x86_64-fedora-gcc | 1.1 | 38.74 | NOTE | |||
r-devel-windows-ix86+x86_64 | 1.1 | 4.00 | 38.00 | 42.00 | NOTE | |
r-patched-linux-x86_64 | 1.1 | 1.99 | 28.72 | 30.71 | NOTE | |
r-patched-solaris-x86 | 1.1 | 54.80 | NOTE | |||
r-release-linux-x86_64 | 1.1 | 2.47 | 29.27 | 31.74 | NOTE | |
r-release-macos-x86_64 | 1.1 | NOTE | ||||
r-release-windows-ix86+x86_64 | 1.1 | 5.00 | 34.00 | 39.00 | NOTE | |
r-oldrel-macos-x86_64 | 1.1 | NOTE | ||||
r-oldrel-windows-ix86+x86_64 | 1.1 | 5.00 | 49.00 | 54.00 | NOTE |
Version: 1.1
Check: DESCRIPTION meta-information
Result: NOTE
Malformed Description field: should contain one or more complete sentences.
Flavors: r-devel-linux-x86_64-debian-clang, r-devel-linux-x86_64-debian-gcc, r-devel-linux-x86_64-fedora-clang, r-devel-linux-x86_64-fedora-gcc, r-devel-windows-ix86+x86_64, r-patched-linux-x86_64, r-patched-solaris-x86, r-release-linux-x86_64, r-release-macos-x86_64, r-release-windows-ix86+x86_64, r-oldrel-macos-x86_64, r-oldrel-windows-ix86+x86_64
Version: 1.1
Check: dependencies in R code
Result: NOTE
'library' or 'require' call to 'matrixcalc' which was already attached by Depends.
Please remove these calls from your code.
Package in Depends field not imported from: 'matrixcalc'
These packages need to be imported from (in the NAMESPACE file)
for when this namespace is loaded but not attached.
Flavors: r-devel-linux-x86_64-debian-clang, r-devel-linux-x86_64-debian-gcc, r-devel-linux-x86_64-fedora-clang, r-devel-linux-x86_64-fedora-gcc, r-devel-windows-ix86+x86_64, r-patched-linux-x86_64, r-patched-solaris-x86, r-release-linux-x86_64, r-release-macos-x86_64, r-release-windows-ix86+x86_64, r-oldrel-macos-x86_64, r-oldrel-windows-ix86+x86_64
Version: 1.1
Check: R code for possible problems
Result: NOTE
print.mixed.pom: no visible global function definition for 'pnorm'
print.pom: no visible global function definition for 'pnorm'
siteocc : get.mod.matrix: no visible binding for global variable
'na.pass'
siteocc : get.mod.matrix: no visible global function definition for
'formula'
siteocc : get.mod.matrix: no visible global function definition for
'model.matrix'
siteocc: no visible global function definition for 'nlminb'
siteocc: no visible global function definition for
'is.positive.definite'
Undefined global functions or variables:
formula is.positive.definite model.matrix na.pass nlminb pnorm
Consider adding
importFrom("stats", "formula", "model.matrix", "na.pass", "nlminb",
"pnorm")
to your NAMESPACE file.
Flavors: r-devel-linux-x86_64-debian-clang, r-devel-linux-x86_64-debian-gcc, r-devel-linux-x86_64-fedora-clang, r-devel-linux-x86_64-fedora-gcc, r-devel-windows-ix86+x86_64, r-patched-linux-x86_64, r-patched-solaris-x86, r-release-linux-x86_64, r-release-macos-x86_64, r-release-windows-ix86+x86_64, r-oldrel-macos-x86_64, r-oldrel-windows-ix86+x86_64