CRAN Package Check Results for Package poolABC

Last updated on 2024-04-16 06:11:17 CEST.

Flavor Version Tinstall Tcheck Ttotal Status Flags
r-devel-linux-x86_64-debian-clang 1.0.0 12.52 245.75 258.27 OK
r-devel-linux-x86_64-debian-gcc 1.0.0 8.19 178.34 186.53 OK
r-devel-linux-x86_64-fedora-clang 1.0.0 318.82 NOTE
r-devel-linux-x86_64-fedora-gcc 1.0.0 305.17 OK
r-prerel-macos-arm64 1.0.0 83.00 NOTE
r-prerel-windows-x86_64 1.0.0 12.00 200.00 212.00 NOTE
r-patched-linux-x86_64 1.0.0 19.28 241.33 260.61 OK
r-release-linux-x86_64 1.0.0 8.78 248.79 257.57 OK
r-release-macos-arm64 1.0.0 92.00 NOTE
r-release-macos-x86_64 1.0.0 233.00 NOTE
r-release-windows-x86_64 1.0.0 16.00 241.00 257.00 NOTE
r-oldrel-macos-arm64 1.0.0 81.00 NOTE
r-oldrel-windows-x86_64 1.0.0 17.00 234.00 251.00 NOTE

Check Details

Version: 1.0.0
Check: installed package size
Result: NOTE installed size is 7.0Mb sub-directories of 1Mb or more: data 2.7Mb extdata 3.6Mb Flavors: r-devel-linux-x86_64-fedora-clang, r-prerel-macos-arm64, r-prerel-windows-x86_64, r-release-macos-arm64, r-release-macos-x86_64, r-release-windows-x86_64, r-oldrel-macos-arm64, r-oldrel-windows-x86_64