CRAN Package Check Results for Package poolfstat

Last updated on 2021-09-19 11:50:13 CEST.

Flavor Version Tinstall Tcheck Ttotal Status Flags
r-devel-linux-x86_64-debian-clang 2.0.0 41.29 159.51 200.80 OK
r-devel-linux-x86_64-debian-gcc 2.0.0 30.01 122.35 152.36 OK
r-devel-linux-x86_64-fedora-clang 2.0.0 258.70 NOTE
r-devel-linux-x86_64-fedora-gcc 2.0.0 240.87 NOTE
r-devel-windows-x86_64 2.0.0 45.00 203.00 248.00 OK
r-devel-windows-x86_64-gcc10-UCRT 2.0.0 ERROR
r-patched-linux-x86_64 2.0.0 36.89 159.37 196.26 OK
r-patched-solaris-x86 2.0.0 308.00 NOTE
r-release-linux-x86_64 2.0.0 38.04 159.65 197.69 OK
r-release-macos-arm64 2.0.0 NOTE
r-release-macos-x86_64 2.0.0 NOTE
r-release-windows-ix86+x86_64 2.0.0 99.00 210.00 309.00 OK
r-oldrel-macos-x86_64 2.0.0 NOTE
r-oldrel-windows-ix86+x86_64 2.0.0 105.00 200.00 305.00 OK

Check Details

Version: 2.0.0
Check: dependencies in R code
Result: NOTE
    Namespace in Imports field not imported from: ‘RcppProgress’
     All declared Imports should be used.
Flavors: r-devel-linux-x86_64-fedora-clang, r-devel-linux-x86_64-fedora-gcc, r-patched-solaris-x86, r-release-macos-arm64, r-release-macos-x86_64, r-oldrel-macos-x86_64

Version: 2.0.0
Check: whether package can be installed
Result: ERROR
    Installation failed.
Flavor: r-devel-windows-x86_64-gcc10-UCRT