CRAN Package Check Results for Package popKorn

Last updated on 2021-09-25 14:49:32 CEST.

Flavor Version Tinstall Tcheck Ttotal Status Flags
r-devel-linux-x86_64-debian-clang 0.3-0 2.51 50.41 52.92 NOTE
r-devel-linux-x86_64-debian-gcc 0.3-0 2.11 37.04 39.15 NOTE
r-devel-linux-x86_64-fedora-clang 0.3-0 69.88 NOTE
r-devel-linux-x86_64-fedora-gcc 0.3-0 58.79 NOTE
r-devel-windows-x86_64 0.3-0 4.00 56.00 60.00 NOTE
r-devel-windows-x86_64-gcc10-UCRT 0.3-0 NOTE
r-patched-linux-x86_64 0.3-0 2.75 47.09 49.84 NOTE
r-patched-solaris-x86 0.3-0 82.40 NOTE
r-release-linux-x86_64 0.3-0 2.38 46.03 48.41 NOTE
r-release-macos-arm64 0.3-0 NOTE
r-release-macos-x86_64 0.3-0 NOTE
r-release-windows-ix86+x86_64 0.3-0 5.00 54.00 59.00 NOTE
r-oldrel-macos-x86_64 0.3-0 NOTE
r-oldrel-windows-ix86+x86_64 0.3-0 4.00 55.00 59.00 NOTE

Check Details

Version: 0.3-0
Check: R code for possible problems
Result: NOTE
    asymmetricIntervals: no visible global function definition for 'stack'
    bonferroniIntervals: no visible global function definition for 'stack'
    bonferroniIntervals: no visible global function definition for 'lm'
    bonferroniIntervals: no visible global function definition for
     'predict'
    bootstrapIntervals: no visible global function definition for 'stack'
    component1a: no visible global function definition for 'pnorm'
    component1b: no visible global function definition for 'pnorm'
    component2: no visible global function definition for 'dgamma'
    eqnForMin: no visible global function definition for 'pnorm'
    eqnForMin: no visible global function definition for 'integrate'
    integrand : <anonymous>: no visible global function definition for
     'pnorm'
    integrand: no visible global function definition for 'dnorm'
    integrate2: no visible global function definition for 'integrate'
    integrate2a: no visible global function definition for 'integrate'
    integrate2b: no visible global function definition for 'integrate'
    integrate4a: no visible global function definition for 'integrate'
    integrate4b: no visible global function definition for 'integrate'
    optimalCScalar2: no visible global function definition for 'uniroot'
    optimalLambda: no visible global function definition for 'optimise'
    optimalLambdaC: no visible global function definition for 'pnorm'
    Undefined global functions or variables:
     dgamma dnorm integrate lm optimise pnorm predict stack uniroot
    Consider adding
     importFrom("stats", "dgamma", "dnorm", "integrate", "lm", "optimise",
     "pnorm", "predict", "uniroot")
     importFrom("utils", "stack")
    to your NAMESPACE file.
Flavors: r-devel-linux-x86_64-debian-clang, r-devel-linux-x86_64-debian-gcc, r-devel-linux-x86_64-fedora-clang, r-devel-linux-x86_64-fedora-gcc, r-devel-windows-x86_64, r-devel-windows-x86_64-gcc10-UCRT, r-patched-linux-x86_64, r-patched-solaris-x86, r-release-linux-x86_64, r-release-macos-arm64, r-release-macos-x86_64, r-release-windows-ix86+x86_64, r-oldrel-macos-x86_64, r-oldrel-windows-ix86+x86_64